CRAN Package Check Results for Package bwsTools

Last updated on 2024-02-29 08:48:48 CET.

Flavor Version Tinstall Tcheck Ttotal Status Flags
r-devel-linux-x86_64-debian-clang 1.2.0 3.66 202.32 205.98 NOTE
r-devel-linux-x86_64-debian-gcc 1.2.0 2.92 153.00 155.92 NOTE
r-devel-linux-x86_64-fedora-clang 1.2.0 242.78 NOTE
r-devel-linux-x86_64-fedora-gcc 1.2.0 253.07 NOTE
r-devel-windows-x86_64 1.2.0 5.00 147.00 152.00 NOTE
r-patched-linux-x86_64 1.2.0 4.14 194.31 198.45 NOTE
r-release-linux-x86_64 1.2.0 3.82 193.66 197.48 NOTE
r-release-macos-arm64 1.2.0 84.00 NOTE
r-release-macos-x86_64 1.2.0 141.00 NOTE
r-release-windows-x86_64 1.2.0 6.00 206.00 212.00 NOTE
r-oldrel-macos-arm64 1.2.0 71.00 OK
r-oldrel-windows-x86_64 1.2.0 6.00 202.00 208.00 OK

Check Details

Version: 1.2.0
Check: package subdirectories
Result: NOTE Problems with news in ‘NEWS.md’: No news entries found. Flavors: r-devel-linux-x86_64-debian-clang, r-devel-linux-x86_64-debian-gcc, r-devel-linux-x86_64-fedora-clang, r-devel-linux-x86_64-fedora-gcc, r-devel-windows-x86_64, r-patched-linux-x86_64, r-release-linux-x86_64, r-release-macos-arm64, r-release-macos-x86_64, r-release-windows-x86_64