CRAN Package Check Results for Package c3

Last updated on 2024-02-23 16:53:13 CET.

Flavor Version Tinstall Tcheck Ttotal Status Flags
r-devel-linux-x86_64-debian-clang 0.3.0 NOTE
r-devel-linux-x86_64-debian-gcc 0.3.0 4.89 50.74 55.63 NOTE
r-devel-linux-x86_64-fedora-clang 0.3.0 90.01 NOTE
r-devel-linux-x86_64-fedora-gcc 0.3.0 99.72 NOTE
r-devel-windows-x86_64 0.3.0 8.00 73.00 81.00 NOTE
r-patched-linux-x86_64 0.3.0 7.26 62.70 69.96 NOTE
r-release-linux-x86_64 0.3.0 5.37 62.76 68.13 NOTE
r-release-macos-arm64 0.3.0 34.00 NOTE
r-release-macos-x86_64 0.3.0 56.00 NOTE
r-release-windows-x86_64 0.3.0 10.00 85.00 95.00 NOTE
r-oldrel-macos-arm64 0.3.0 32.00 NOTE
r-oldrel-windows-x86_64 0.3.0 9.00 84.00 93.00 NOTE

Check Details

Version: 0.3.0
Check: Rd files
Result: NOTE checkRd: (-1) c3.Rd:28: Lost braces in \itemize; meant \describe ? checkRd: (-1) c3_gauge.Rd:17: Lost braces in \itemize; meant \describe ? checkRd: (-1) c3_gauge.Rd:18: Lost braces in \itemize; meant \describe ? checkRd: (-1) c3_gauge.Rd:33: Lost braces in \itemize; meant \describe ? checkRd: (-1) c3_gauge.Rd:34: Lost braces in \itemize; meant \describe ? checkRd: (-1) c3_gauge.Rd:35: Lost braces in \itemize; meant \describe ? checkRd: (-1) grid.c3.Rd:22: Lost braces in \itemize; meant \describe ? checkRd: (-1) grid.c3.Rd:23: Lost braces in \itemize; meant \describe ? checkRd: (-1) grid.c3.Rd:24: Lost braces in \itemize; meant \describe ? checkRd: (-1) grid.c3.Rd:25: Lost braces in \itemize; meant \describe ? checkRd: (-1) legend.c3.Rd:23: Lost braces in \itemize; meant \describe ? checkRd: (-1) legend.c3.Rd:24: Lost braces in \itemize; meant \describe ? checkRd: (-1) legend.c3.Rd:25: Lost braces in \itemize; meant \describe ? checkRd: (-1) legend.c3.Rd:26: Lost braces in \itemize; meant \describe ? checkRd: (-1) legend.c3.Rd:31: Lost braces in \itemize; meant \describe ? checkRd: (-1) legend.c3.Rd:32: Lost braces in \itemize; meant \describe ? checkRd: (-1) legend.c3.Rd:33: Lost braces in \itemize; meant \describe ? checkRd: (-1) region.c3.Rd:17: Lost braces in \itemize; meant \describe ? checkRd: (-1) region.c3.Rd:18: Lost braces in \itemize; meant \describe ? checkRd: (-1) region.c3.Rd:19: Lost braces in \itemize; meant \describe ? checkRd: (-1) region.c3.Rd:20: Lost braces in \itemize; meant \describe ? checkRd: (-1) tooltip.c3.Rd:23: Lost braces in \itemize; meant \describe ? checkRd: (-1) tooltip.c3.Rd:24: Lost braces in \itemize; meant \describe ? checkRd: (-1) tooltip.c3.Rd:25: Lost braces in \itemize; meant \describe ? checkRd: (-1) xAxis.c3.Rd:55: Lost braces in \itemize; meant \describe ? checkRd: (-1) xAxis.c3.Rd:56: Lost braces in \itemize; meant \describe ? checkRd: (-1) xAxis.c3.Rd:65: Lost braces in \itemize; meant \describe ? checkRd: (-1) xAxis.c3.Rd:66: Lost braces in \itemize; meant \describe ? Flavors: r-devel-linux-x86_64-debian-clang, r-devel-linux-x86_64-debian-gcc

Version: 0.3.0
Check: LazyData
Result: NOTE 'LazyData' is specified without a 'data' directory Flavors: r-devel-linux-x86_64-debian-clang, r-devel-linux-x86_64-debian-gcc, r-devel-linux-x86_64-fedora-clang, r-devel-linux-x86_64-fedora-gcc, r-devel-windows-x86_64, r-patched-linux-x86_64, r-release-linux-x86_64, r-release-macos-arm64, r-release-macos-x86_64, r-release-windows-x86_64, r-oldrel-macos-arm64, r-oldrel-windows-x86_64