CRAN Package Check Results for Package caffsim

Last updated on 2024-02-26 16:56:19 CET.

Flavor Version Tinstall Tcheck Ttotal Status Flags
r-devel-linux-x86_64-debian-clang 0.2.2 10.17 103.03 113.20 OK
r-devel-linux-x86_64-debian-gcc 0.2.2 9.66 78.15 87.81 OK
r-devel-linux-x86_64-fedora-clang 0.2.2 140.33 NOTE
r-devel-linux-x86_64-fedora-gcc 0.2.2 133.65 NOTE
r-devel-windows-x86_64 0.2.2 10.00 90.00 100.00 OK
r-patched-linux-x86_64 0.2.2 11.44 98.48 109.92 OK
r-release-linux-x86_64 0.2.2 11.85 99.76 111.61 OK
r-release-macos-arm64 0.2.2 45.00 OK
r-release-macos-x86_64 0.2.2 64.00 OK
r-release-windows-x86_64 0.2.2 14.00 105.00 119.00 OK
r-oldrel-macos-arm64 0.2.2 45.00 NOTE
r-oldrel-windows-x86_64 0.2.2 14.00 115.00 129.00 OK

Check Details

Version: 0.2.2
Check: dependencies in R code
Result: NOTE Namespace in Imports field not imported from: ‘markdown’ All declared Imports should be used. Flavors: r-devel-linux-x86_64-fedora-clang, r-devel-linux-x86_64-fedora-gcc, r-oldrel-macos-arm64