CRAN Package Check Results for Package calibrationband

Last updated on 2024-02-22 00:58:25 CET.

Flavor Version Tinstall Tcheck Ttotal Status Flags
r-devel-linux-x86_64-debian-clang 0.2.1 NOTE
r-devel-linux-x86_64-debian-gcc 0.2.1 29.03 48.84 77.87 NOTE
r-devel-linux-x86_64-fedora-clang 0.2.1 146.88 OK
r-devel-linux-x86_64-fedora-gcc 0.2.1 138.52 OK
r-devel-windows-x86_64 0.2.1 31.00 83.00 114.00 OK
r-patched-linux-x86_64 0.2.1 29.20 66.50 95.70 OK
r-release-linux-x86_64 0.2.1 30.16 66.10 96.26 OK
r-release-macos-arm64 0.2.1 41.00 OK
r-release-macos-x86_64 0.2.1 62.00 OK
r-release-windows-x86_64 0.2.1 41.00 98.00 139.00 OK
r-oldrel-macos-arm64 0.2.1 43.00 OK
r-oldrel-windows-x86_64 0.2.1 38.00 100.00 138.00 OK

Check Details

Version: 0.2.1
Check: Rd files
Result: NOTE checkRd: (-1) calibration_bands.Rd:19: Lost braces; missing escapes or markup? 19 | \item{y}{response variable (in {0,1}).} | ^ Flavors: r-devel-linux-x86_64-debian-clang, r-devel-linux-x86_64-debian-gcc