CRAN Package Check Results for Package callr

Last updated on 2024-02-22 00:58:25 CET.

Flavor Version Tinstall Tcheck Ttotal Status Flags
r-devel-linux-x86_64-debian-clang 3.7.4 OK
r-devel-linux-x86_64-debian-gcc 3.7.5 6.43 98.24 104.67 OK
r-devel-linux-x86_64-fedora-clang 3.7.5 167.80 OK
r-devel-linux-x86_64-fedora-gcc 3.7.5 164.48 OK
r-devel-windows-x86_64 3.7.3 8.00 135.00 143.00 NOTE
r-patched-linux-x86_64 3.7.3 9.50 121.29 130.79 OK
r-release-linux-x86_64 3.7.3 9.15 122.06 131.21 OK
r-release-macos-arm64 3.7.5 70.00 OK
r-release-macos-x86_64 3.7.5 135.00 OK
r-release-windows-x86_64 3.7.5 12.00 162.00 174.00 OK
r-oldrel-macos-arm64 3.7.5 71.00 OK
r-oldrel-windows-x86_64 3.7.5 13.00 159.00 172.00 OK

Check Details

Version: 3.7.3
Check: Rd \usage sections
Result: NOTE Documented arguments not in \usage in Rd file 'get_result.Rd': 'out' Functions with \usage entries need to have the appropriate \alias entries, and all their arguments documented. The \usage entries must correspond to syntactically valid R code. See chapter 'Writing R documentation files' in the 'Writing R Extensions' manual. Flavor: r-devel-windows-x86_64