CRAN Package Check Results for Package canadianmaps

Last updated on 2024-02-26 16:56:19 CET.

Flavor Version Tinstall Tcheck Ttotal Status Flags
r-devel-linux-x86_64-debian-clang 1.3.0 10.46 33.17 43.63 OK
r-devel-linux-x86_64-debian-gcc 1.3.0 10.61 26.26 36.87 ERROR
r-devel-linux-x86_64-fedora-clang 1.3.0 59.29 ERROR
r-devel-linux-x86_64-fedora-gcc 1.3.0 59.34 ERROR
r-devel-windows-x86_64 1.3.0 13.00 50.00 63.00 OK
r-patched-linux-x86_64 1.3.0 12.55 32.62 45.17 OK
r-release-linux-x86_64 1.3.0 9.94 32.65 42.59 ERROR
r-release-macos-arm64 1.3.0 25.00 OK
r-release-macos-x86_64 1.3.0 50.00 OK
r-release-windows-x86_64 1.3.0 17.00 56.00 73.00 ERROR
r-oldrel-macos-arm64 1.3.0 30.00 OK
r-oldrel-windows-x86_64 1.3.0 16.00 56.00 72.00 ERROR

Check Details

Version: 1.3.0
Check: tests
Result: ERROR Running ‘testthat.R’ [3s/6s] Running the tests in ‘tests/testthat.R’ failed. Complete output: > library(testthat) > library(canadianmaps) > > test_check("canadianmaps") [ FAIL 2 | WARN 0 | SKIP 0 | PASS 4 ] ══ Failed tests ════════════════════════════════════════════════════════════════ ── Failure ('test-functions.R:14:3'): check-functions: scale_fill_map() returns a ggplot manual fill object ── output$scale_name (`actual`) not equal to "manual" (`expected`). `actual` is NULL `expected` is a character vector ('manual') ── Failure ('test-functions.R:23:3'): check-functions: scale_color_map() returns a ggplot manual fill object ── output$scale_name (`actual`) not equal to "manual" (`expected`). `actual` is NULL `expected` is a character vector ('manual') [ FAIL 2 | WARN 0 | SKIP 0 | PASS 4 ] Error: Test failures Execution halted Flavor: r-devel-linux-x86_64-debian-gcc

Version: 1.3.0
Check: dependencies in R code
Result: NOTE Namespace in Imports field not imported from: ‘sf’ All declared Imports should be used. Flavors: r-devel-linux-x86_64-fedora-clang, r-devel-linux-x86_64-fedora-gcc

Version: 1.3.0
Check: data for non-ASCII characters
Result: NOTE Note: found 2992 marked UTF-8 strings Flavors: r-devel-linux-x86_64-fedora-clang, r-devel-linux-x86_64-fedora-gcc

Version: 1.3.0
Check: tests
Result: ERROR Running ‘testthat.R’ Running the tests in ‘tests/testthat.R’ failed. Complete output: > library(testthat) > library(canadianmaps) > > test_check("canadianmaps") [ FAIL 2 | WARN 0 | SKIP 0 | PASS 4 ] ══ Failed tests ════════════════════════════════════════════════════════════════ ── Failure ('test-functions.R:14:3'): check-functions: scale_fill_map() returns a ggplot manual fill object ── output$scale_name (`actual`) not equal to "manual" (`expected`). `actual` is NULL `expected` is a character vector ('manual') ── Failure ('test-functions.R:23:3'): check-functions: scale_color_map() returns a ggplot manual fill object ── output$scale_name (`actual`) not equal to "manual" (`expected`). `actual` is NULL `expected` is a character vector ('manual') [ FAIL 2 | WARN 0 | SKIP 0 | PASS 4 ] Error: Test failures Execution halted Flavor: r-devel-linux-x86_64-fedora-clang

Version: 1.3.0
Check: tests
Result: ERROR Running ‘testthat.R’ [5s/13s] Running the tests in ‘tests/testthat.R’ failed. Complete output: > library(testthat) > library(canadianmaps) > > test_check("canadianmaps") [ FAIL 2 | WARN 0 | SKIP 0 | PASS 4 ] ══ Failed tests ════════════════════════════════════════════════════════════════ ── Failure ('test-functions.R:14:3'): check-functions: scale_fill_map() returns a ggplot manual fill object ── output$scale_name (`actual`) not equal to "manual" (`expected`). `actual` is NULL `expected` is a character vector ('manual') ── Failure ('test-functions.R:23:3'): check-functions: scale_color_map() returns a ggplot manual fill object ── output$scale_name (`actual`) not equal to "manual" (`expected`). `actual` is NULL `expected` is a character vector ('manual') [ FAIL 2 | WARN 0 | SKIP 0 | PASS 4 ] Error: Test failures Execution halted Flavor: r-devel-linux-x86_64-fedora-gcc

Version: 1.3.0
Check: tests
Result: ERROR Running ‘testthat.R’ [4s/5s] Running the tests in ‘tests/testthat.R’ failed. Complete output: > library(testthat) > library(canadianmaps) > > test_check("canadianmaps") [ FAIL 2 | WARN 0 | SKIP 0 | PASS 4 ] ══ Failed tests ════════════════════════════════════════════════════════════════ ── Failure ('test-functions.R:14:3'): check-functions: scale_fill_map() returns a ggplot manual fill object ── output$scale_name (`actual`) not equal to "manual" (`expected`). `actual` is NULL `expected` is a character vector ('manual') ── Failure ('test-functions.R:23:3'): check-functions: scale_color_map() returns a ggplot manual fill object ── output$scale_name (`actual`) not equal to "manual" (`expected`). `actual` is NULL `expected` is a character vector ('manual') [ FAIL 2 | WARN 0 | SKIP 0 | PASS 4 ] Error: Test failures Execution halted Flavor: r-release-linux-x86_64

Version: 1.3.0
Check: tests
Result: ERROR Running 'testthat.R' [4s] Running the tests in 'tests/testthat.R' failed. Complete output: > library(testthat) > library(canadianmaps) > > test_check("canadianmaps") [ FAIL 2 | WARN 0 | SKIP 0 | PASS 4 ] ══ Failed tests ════════════════════════════════════════════════════════════════ ── Failure ('test-functions.R:14:3'): check-functions: scale_fill_map() returns a ggplot manual fill object ── output$scale_name (`actual`) not equal to "manual" (`expected`). `actual` is NULL `expected` is a character vector ('manual') ── Failure ('test-functions.R:23:3'): check-functions: scale_color_map() returns a ggplot manual fill object ── output$scale_name (`actual`) not equal to "manual" (`expected`). `actual` is NULL `expected` is a character vector ('manual') [ FAIL 2 | WARN 0 | SKIP 0 | PASS 4 ] Error: Test failures Execution halted Flavors: r-release-windows-x86_64, r-oldrel-windows-x86_64