Last updated on 2024-05-07 00:56:08 CEST.
Flavor | Version | Tinstall | Tcheck | Ttotal | Status | Flags |
---|---|---|---|---|---|---|
r-devel-linux-x86_64-debian-clang | 0.8-6 | 8.32 | 87.70 | 96.02 | OK | |
r-devel-linux-x86_64-debian-gcc | 0.8-6 | 6.81 | 65.41 | 72.22 | OK | |
r-devel-linux-x86_64-fedora-clang | 0.8-6 | 126.33 | NOTE | |||
r-devel-linux-x86_64-fedora-gcc | 0.9.0 | 132.44 | OK | |||
r-devel-windows-x86_64 | 0.8-6 | 10.00 | 89.00 | 99.00 | OK | |
r-patched-linux-x86_64 | 0.8-6 | 9.19 | 83.44 | 92.63 | OK | |
r-release-linux-x86_64 | 0.8-6 | 7.02 | 84.67 | 91.69 | OK | |
r-release-macos-arm64 | 0.9.0 | 43.00 | OK | |||
r-release-macos-x86_64 | 0.9.0 | 98.00 | OK | |||
r-release-windows-x86_64 | 0.8-6 | 10.00 | 87.00 | 97.00 | OK | |
r-oldrel-macos-arm64 | 0.9.0 | 46.00 | OK | |||
r-oldrel-macos-x86_64 | 0.9.0 | 83.00 | OK | |||
r-oldrel-windows-x86_64 | 0.8-6 | 12.00 | 98.00 | 110.00 | OK |
Version: 0.8-6
Check: Rd cross-references
Result: NOTE
Undeclared packages ‘yacca’, ‘CCA’ in Rd xrefs
Flavor: r-devel-linux-x86_64-fedora-clang