Last updated on 2024-05-21 16:53:09 CEST.
Flavor | Version | Tinstall | Tcheck | Ttotal | Status | Flags |
---|---|---|---|---|---|---|
r-devel-linux-x86_64-debian-clang | 1.0.1 | 35.74 | 294.30 | 330.04 | NOTE | |
r-devel-linux-x86_64-debian-gcc | 1.0.1 | 25.22 | 238.02 | 263.24 | NOTE | |
r-devel-linux-x86_64-fedora-clang | 1.0.1 | 449.17 | NOTE | |||
r-devel-linux-x86_64-fedora-gcc | 1.0.1 | 455.21 | NOTE | |||
r-devel-windows-x86_64 | 1.0.1 | 29.00 | 394.00 | 423.00 | NOTE | |
r-patched-linux-x86_64 | 1.0.1 | 35.87 | 308.46 | 344.33 | OK | |
r-release-linux-x86_64 | 1.0.1 | 32.79 | 316.97 | 349.76 | OK | |
r-release-macos-arm64 | 1.0.1 | 133.00 | OK | |||
r-release-macos-x86_64 | 1.0.1 | 447.00 | OK | |||
r-release-windows-x86_64 | 1.0.1 | 31.00 | 405.00 | 436.00 | OK | |
r-oldrel-macos-arm64 | 1.0.1 | 157.00 | OK | |||
r-oldrel-macos-x86_64 | 1.0.1 | 456.00 | OK | |||
r-oldrel-windows-x86_64 | 1.0.1 | 32.00 | 413.00 | 445.00 | OK |
Version: 1.0.1
Check: compiled code
Result: NOTE
File ‘carbondate/libs/carbondate.so’:
Found non-API calls to R: ‘SETLENGTH’, ‘SET_TRUELENGTH’
Compiled code should not call non-API entry points in R.
See ‘Writing portable packages’ in the ‘Writing R Extensions’ manual.
Flavors: r-devel-linux-x86_64-debian-clang, r-devel-linux-x86_64-debian-gcc, r-devel-linux-x86_64-fedora-clang, r-devel-linux-x86_64-fedora-gcc
Version: 1.0.1
Check: compiled code
Result: NOTE
File 'carbondate/libs/x64/carbondate.dll':
Found non-API calls to R: 'SETLENGTH', 'SET_TRUELENGTH'
Compiled code should not call non-API entry points in R.
See 'Writing portable packages' in the 'Writing R Extensions' manual.
Flavor: r-devel-windows-x86_64