CRAN Package Check Results for Package cartographer

Last updated on 2024-03-03 01:00:39 CET.

Flavor Version Tinstall Tcheck Ttotal Status Flags
r-devel-linux-x86_64-debian-clang 0.2.1 3.13 51.69 54.82 NOTE
r-devel-linux-x86_64-debian-gcc 0.2.1 2.90 39.35 42.25 NOTE
r-devel-linux-x86_64-fedora-clang 0.2.1 70.00 NOTE
r-devel-linux-x86_64-fedora-gcc 0.2.1 79.56 NOTE
r-devel-windows-x86_64 0.2.1 7.00 63.00 70.00 NOTE
r-patched-linux-x86_64 0.2.1 2.69 50.33 53.02 NOTE
r-release-linux-x86_64 0.2.1 3.31 50.18 53.49 NOTE
r-release-macos-arm64 0.2.1 37.00 NOTE
r-release-macos-x86_64 0.2.1 63.00 NOTE
r-release-windows-x86_64 0.2.1 8.00 71.00 79.00 NOTE
r-oldrel-macos-arm64 0.2.1 47.00 NOTE
r-oldrel-windows-x86_64 0.2.1 7.00 71.00 78.00 NOTE

Check Details

Version: 0.2.1
Check: package dependencies
Result: NOTE Package suggested but not available for checking: ‘rnaturalearthhires’ Flavors: r-devel-linux-x86_64-debian-clang, r-devel-linux-x86_64-debian-gcc, r-devel-linux-x86_64-fedora-clang, r-devel-linux-x86_64-fedora-gcc, r-devel-windows-x86_64, r-patched-linux-x86_64, r-release-linux-x86_64, r-release-macos-arm64, r-release-macos-x86_64, r-release-windows-x86_64, r-oldrel-macos-arm64, r-oldrel-windows-x86_64