CRAN Package Check Results for Package catfun

Last updated on 2024-02-23 08:53:27 CET.

Flavor Version Tinstall Tcheck Ttotal Status Flags
r-devel-linux-x86_64-debian-clang 0.1.4 NOTE
r-devel-linux-x86_64-debian-gcc 0.1.4 5.07 52.96 58.03 NOTE
r-devel-linux-x86_64-fedora-clang 0.1.4 96.79 NOTE
r-devel-linux-x86_64-fedora-gcc 0.1.4 90.73 NOTE
r-devel-windows-x86_64 0.1.4 9.00 76.00 85.00 NOTE
r-patched-linux-x86_64 0.1.4 6.89 68.02 74.91 NOTE
r-release-linux-x86_64 0.1.4 5.09 66.41 71.50 NOTE
r-release-macos-arm64 0.1.4 32.00 NOTE
r-release-macos-x86_64 0.1.4 46.00 NOTE
r-release-windows-x86_64 0.1.4 11.00 88.00 99.00 NOTE
r-oldrel-macos-arm64 0.1.4 41.00 NOTE
r-oldrel-windows-x86_64 0.1.4 12.00 91.00 103.00 NOTE

Check Details

Version: 0.1.4
Check: LazyData
Result: NOTE 'LazyData' is specified without a 'data' directory Flavors: r-devel-linux-x86_64-debian-clang, r-devel-linux-x86_64-debian-gcc, r-devel-linux-x86_64-fedora-clang, r-devel-linux-x86_64-fedora-gcc, r-devel-windows-x86_64, r-patched-linux-x86_64, r-release-linux-x86_64, r-release-macos-arm64, r-release-macos-x86_64, r-release-windows-x86_64, r-oldrel-macos-arm64, r-oldrel-windows-x86_64

Version: 0.1.4
Check: dependencies in R code
Result: NOTE Namespaces in Imports field not imported from: ‘broom’ ‘epitools’ All declared Imports should be used. Flavors: r-devel-linux-x86_64-fedora-clang, r-devel-linux-x86_64-fedora-gcc, r-oldrel-macos-arm64