CRAN Package Check Results for Package causal.decomp

Last updated on 2024-02-22 16:49:11 CET.

Flavor Version Tinstall Tcheck Ttotal Status Flags
r-devel-linux-x86_64-debian-clang 0.1.0 OK
r-devel-linux-x86_64-debian-gcc 0.1.0 10.77 97.56 108.33 OK
r-devel-linux-x86_64-fedora-clang 0.1.0 179.44 NOTE
r-devel-linux-x86_64-fedora-gcc 0.1.0 184.93 NOTE
r-devel-windows-x86_64 0.1.0 13.00 105.00 118.00 OK
r-patched-linux-x86_64 0.1.0 12.96 128.76 141.72 OK
r-release-linux-x86_64 0.1.0 12.26 130.44 142.70 OK
r-release-macos-arm64 0.1.0 63.00 OK
r-release-macos-x86_64 0.1.0 88.00 OK
r-release-windows-x86_64 0.1.0 16.00 137.00 153.00 OK
r-oldrel-macos-arm64 0.1.0 46.00 OK
r-oldrel-windows-x86_64 0.1.0 17.00 131.00 148.00 OK

Check Details

Version: 0.1.0
Check: dependencies in R code
Result: NOTE Namespaces in Imports field not imported from: ‘CBPS’ ‘spelling’ All declared Imports should be used. Flavors: r-devel-linux-x86_64-fedora-clang, r-devel-linux-x86_64-fedora-gcc