CRAN Package Check Results for Package causaldata

Last updated on 2024-02-27 16:49:11 CET.

Flavor Version Tinstall Tcheck Ttotal Status Flags
r-devel-linux-x86_64-debian-clang 0.1.3 7.84 41.40 49.24 OK
r-devel-linux-x86_64-debian-gcc 0.1.3 6.73 32.84 39.57 OK
r-devel-linux-x86_64-fedora-clang 0.1.3 61.57 NOTE
r-devel-linux-x86_64-fedora-gcc 0.1.3 59.34 NOTE
r-devel-windows-x86_64 0.1.3 9.00 56.00 65.00 OK
r-patched-linux-x86_64 0.1.3 9.23 43.01 52.24 OK
r-release-linux-x86_64 0.1.3 8.82 41.97 50.79 OK
r-release-macos-arm64 0.1.3 24.00 OK
r-release-macos-x86_64 0.1.3 37.00 OK
r-release-windows-x86_64 0.1.3 11.00 62.00 73.00 OK
r-oldrel-macos-arm64 0.1.3 19.00 NOTE
r-oldrel-windows-x86_64 0.1.3 11.00 59.00 70.00 OK

Check Details

Version: 0.1.3
Check: data for non-ASCII characters
Result: NOTE Note: found 32 marked UTF-8 strings Flavors: r-devel-linux-x86_64-fedora-clang, r-devel-linux-x86_64-fedora-gcc, r-oldrel-macos-arm64