CRAN Package Check Results for Package causalweight

Last updated on 2024-03-03 01:00:39 CET.

Flavor Version Tinstall Tcheck Ttotal Status Flags
r-devel-linux-x86_64-debian-clang 1.1.0 19.00 126.87 145.87 OK
r-devel-linux-x86_64-debian-gcc 1.1.0 12.90 94.17 107.07 OK
r-devel-linux-x86_64-fedora-clang 1.1.0 176.34 NOTE
r-devel-linux-x86_64-fedora-gcc 1.1.0 179.29 NOTE
r-devel-windows-x86_64 1.1.0 16.00 108.00 124.00 OK
r-patched-linux-x86_64 1.1.0 19.85 122.99 142.84 OK
r-release-linux-x86_64 1.1.0 19.88 124.27 144.15 OK
r-release-macos-arm64 1.1.0 58.00 OK
r-release-macos-x86_64 1.1.0 104.00 OK
r-release-windows-x86_64 1.1.0 24.00 129.00 153.00 OK
r-oldrel-macos-arm64 1.1.0 53.00 OK
r-oldrel-windows-x86_64 1.1.0 24.00 130.00 154.00 OK

Check Details

Version: 1.1.0
Check: data for non-ASCII characters
Result: NOTE Note: found 1045 marked UTF-8 strings Flavors: r-devel-linux-x86_64-fedora-clang, r-devel-linux-x86_64-fedora-gcc