CRAN Package Check Results for Package cbsodataR

Last updated on 2023-09-29 00:56:44 CEST.

Flavor Version Tinstall Tcheck Ttotal Status Flags
r-devel-linux-x86_64-debian-clang 0.5.1 4.00 39.69 43.69 OK
r-devel-linux-x86_64-debian-gcc 0.5.1 2.90 30.77 33.67 OK
r-devel-linux-x86_64-fedora-clang 0.5.1 53.87 OK
r-devel-linux-x86_64-fedora-gcc 0.5.1 64.73 OK
r-devel-windows-x86_64 0.5.1 5.00 70.00 75.00 OK
r-patched-linux-x86_64 0.5.1 4.82 36.52 41.34 OK
r-release-linux-x86_64 0.5.1 3.75 37.60 41.35 OK
r-release-macos-arm64 0.5.1 147.00 ERROR
r-release-macos-x86_64 0.5.1 178.00 OK
r-release-windows-x86_64 0.5.1 5.00 72.00 77.00 OK
r-oldrel-macos-arm64 0.5.1 142.00 ERROR
r-oldrel-macos-x86_64 0.5.1 154.00 ERROR
r-oldrel-windows-x86_64 0.5.1 7.00 70.00 77.00 OK

Check Details

Version: 0.5.1
Check: examples
Result: ERROR
    Running examples in ‘cbsodataR-Ex.R’ failed
    The error most likely occurred in:
    
    > ### Name: cbs_get_catalogs
    > ### Title: Retrieves the possible catalog values that can be used for
    > ### retrieving data
    > ### Aliases: cbs_get_catalogs
    >
    > ### ** Examples
    >
    > catalogs <- cbs_get_catalogs()
    Warning in readBin(3L, raw(0), 32768L) :
     URL 'https://opendata.cbs.nl/ODataCatalog/Tables?$format=json': Timeout of 60 seconds was reached
    Warning: Failing: http://opendata.cbs.nl/ODataCatalog/Tables?$format=json
    Retrying...
    Warning in readBin(3L, raw(0), 32768L) :
     URL 'https://opendata.cbs.nl/ODataCatalog/Tables?$format=json': Timeout of 60 seconds was reached
    Error in readBin(3L, raw(0), 32768L) : cannot read from connection
    Calls: cbs_get_catalogs ... parse_and_simplify -> parseJSON -> parse_con -> readBin
    Execution halted
Flavors: r-release-macos-arm64, r-oldrel-macos-arm64, r-oldrel-macos-x86_64