Last updated on 2023-12-10 16:51:08 CET.
Flavor | Version | Tinstall | Tcheck | Ttotal | Status | Flags |
---|---|---|---|---|---|---|
r-devel-linux-x86_64-debian-clang | 1.0.2 | 62.14 | 158.35 | 220.49 | OK | |
r-devel-linux-x86_64-debian-gcc | 1.0.2 | 49.88 | 119.91 | 169.79 | OK | |
r-devel-linux-x86_64-fedora-clang | 1.0.2 | 275.78 | OK | |||
r-devel-linux-x86_64-fedora-gcc | 1.0.2 | 255.29 | OK | |||
r-devel-windows-x86_64 | 1.0.2 | 52.00 | 136.00 | 188.00 | OK | |
r-patched-linux-x86_64 | 1.0.2 | 42.61 | 151.85 | 194.46 | OK | |
r-release-linux-x86_64 | 1.0.2 | 45.60 | 149.77 | 195.37 | OK | |
r-release-macos-arm64 | 1.0.2 | 108.00 | NOTE | |||
r-release-macos-x86_64 | 1.0.2 | 383.00 | NOTE | |||
r-release-windows-x86_64 | 1.0.2 | 74.00 | 167.00 | 241.00 | OK | |
r-oldrel-macos-arm64 | 1.0.2 | 122.00 | NOTE | |||
r-oldrel-macos-x86_64 | 1.0.1 | 125.00 | OK | |||
r-oldrel-windows-x86_64 | 1.0.2 | 76.00 | 162.00 | 238.00 | OK |
Version: 1.0.2
Check: installed package size
Result: NOTE
installed size is 5.9Mb
sub-directories of 1Mb or more:
data 5.5Mb
Flavors: r-release-macos-arm64, r-release-macos-x86_64, r-oldrel-macos-arm64