CRAN Package Check Results for Package cellKey

Last updated on 2024-07-16 00:55:56 CEST.

Flavor Version Tinstall Tcheck Ttotal Status Flags
r-devel-linux-x86_64-debian-clang 1.0.2 65.98 155.17 221.15 OK
r-devel-linux-x86_64-debian-gcc 1.0.2 51.44 118.78 170.22 OK
r-devel-linux-x86_64-fedora-clang 1.0.2 292.72 OK
r-devel-linux-x86_64-fedora-gcc 1.0.2 282.30 OK
r-devel-windows-x86_64 1.0.2 53.00 132.00 185.00 OK
r-patched-linux-x86_64 1.0.2 44.53 152.36 196.89 OK
r-release-linux-x86_64 1.0.2 48.47 151.99 200.46 OK
r-release-macos-arm64 1.0.2 112.00 NOTE
r-release-macos-x86_64 1.0.2 147.00 NOTE
r-release-windows-x86_64 1.0.2 50.00 131.00 181.00 OK
r-oldrel-macos-arm64 1.0.2 108.00 NOTE
r-oldrel-macos-x86_64 1.0.2 383.00 NOTE
r-oldrel-windows-x86_64 1.0.2 73.00 166.00 239.00 OK

Check Details

Version: 1.0.2
Check: installed package size
Result: NOTE installed size is 5.9Mb sub-directories of 1Mb or more: data 5.5Mb Flavors: r-release-macos-arm64, r-release-macos-x86_64, r-oldrel-macos-arm64, r-oldrel-macos-x86_64