CRAN Package Check Results for Package cellWise

Last updated on 2024-02-25 16:51:36 CET.

Flavor Version Tinstall Tcheck Ttotal Status Flags
r-devel-linux-x86_64-debian-clang 2.5.3 165.49 313.10 478.59 OK
r-devel-linux-x86_64-debian-gcc 2.5.3 123.92 223.81 347.73 OK
r-devel-linux-x86_64-fedora-clang 2.5.3 624.98 NOTE
r-devel-linux-x86_64-fedora-gcc 2.5.3 655.62 OK
r-devel-windows-x86_64 2.5.3 119.00 273.00 392.00 NOTE
r-patched-linux-x86_64 2.5.3 160.69 306.75 467.44 OK
r-release-linux-x86_64 2.5.3 160.71 297.97 458.68 OK
r-release-macos-arm64 2.5.3 169.00 NOTE
r-release-macos-x86_64 2.5.3 309.00 NOTE
r-release-windows-x86_64 2.5.3 154.00 340.00 494.00 NOTE
r-oldrel-macos-arm64 2.5.3 209.00 NOTE
r-oldrel-windows-x86_64 2.5.3 141.00 364.00 505.00 NOTE

Check Details

Version: 2.5.3
Check: installed package size
Result: NOTE installed size is 6.6Mb sub-directories of 1Mb or more: data 3.2Mb doc 2.0Mb Flavors: r-devel-linux-x86_64-fedora-clang, r-devel-windows-x86_64, r-release-macos-arm64, r-release-macos-x86_64, r-release-windows-x86_64, r-oldrel-macos-arm64, r-oldrel-windows-x86_64