Last updated on 2024-04-28 00:56:33 CEST.
Flavor | Version | Tinstall | Tcheck | Ttotal | Status | Flags |
---|---|---|---|---|---|---|
r-devel-linux-x86_64-debian-clang | 1.2.0 | 6.47 | 421.41 | 427.88 | OK | |
r-devel-linux-x86_64-debian-gcc | 1.2.0 | 4.64 | 292.65 | 297.29 | OK | |
r-devel-linux-x86_64-fedora-clang | 1.2.0 | 554.55 | NOTE | |||
r-devel-linux-x86_64-fedora-gcc | 1.2.0 | 535.95 | OK | |||
r-devel-windows-x86_64 | 1.2.0 | 6.00 | 286.00 | 292.00 | OK | |
r-patched-linux-x86_64 | 1.2.0 | 8.02 | 401.45 | 409.47 | OK | |
r-release-linux-x86_64 | 1.2.0 | 6.33 | 407.12 | 413.45 | OK | |
r-release-macos-arm64 | 1.2.0 | 130.00 | OK | |||
r-release-macos-x86_64 | 1.2.0 | 448.00 | OK | |||
r-release-windows-x86_64 | 1.2.0 | 6.00 | 277.00 | 283.00 | OK | |
r-oldrel-macos-arm64 | 1.2.0 | 163.00 | OK | |||
r-oldrel-macos-x86_64 | 1.2.0 | 439.00 | OK | |||
r-oldrel-windows-x86_64 | 1.2.0 | 7.00 | 374.00 | 381.00 | OK |
Version: 1.2.0
Check: installed package size
Result: NOTE
installed size is 5.0Mb
sub-directories of 1Mb or more:
doc 3.6Mb
Flavor: r-devel-linux-x86_64-fedora-clang