Last updated on 2024-04-20 08:50:46 CEST.
Flavor | Version | Tinstall | Tcheck | Ttotal | Status | Flags |
---|---|---|---|---|---|---|
r-devel-linux-x86_64-debian-clang | 0.8.0 | 1.87 | 23.28 | 25.15 | NOTE | |
r-devel-linux-x86_64-debian-gcc | 0.8.0 | 1.97 | 18.09 | 20.06 | NOTE | |
r-devel-linux-x86_64-fedora-clang | 0.8.0 | 34.57 | NOTE | |||
r-devel-linux-x86_64-fedora-gcc | 0.8.0 | 32.48 | NOTE | |||
r-prerel-macos-arm64 | 0.8.0 | 16.00 | NOTE | |||
r-prerel-windows-x86_64 | 0.8.0 | 3.00 | 41.00 | 44.00 | NOTE | |
r-patched-linux-x86_64 | 0.8.0 | 2.85 | 23.30 | 26.15 | NOTE | |
r-release-linux-x86_64 | 0.8.0 | 2.60 | 22.44 | 25.04 | OK | |
r-release-macos-arm64 | 0.8.0 | 17.00 | OK | |||
r-release-macos-x86_64 | 0.8.0 | 20.00 | OK | |||
r-release-windows-x86_64 | 0.8.0 | 4.00 | 41.00 | 45.00 | OK | |
r-oldrel-macos-arm64 | 0.8.0 | 15.00 | OK | |||
r-oldrel-windows-x86_64 | 0.8.0 | 4.00 | 45.00 | 49.00 | OK |
Version: 0.8.0
Check: Rd files
Result: NOTE
checkRd: (-1) listCensusApis.Rd:10: Lost braces; missing escapes or markup?
10 | Scrapes {https://api.census.gov/data.json} and returns a dataframe
| ^
Flavors: r-devel-linux-x86_64-debian-clang, r-devel-linux-x86_64-debian-gcc, r-devel-linux-x86_64-fedora-clang, r-devel-linux-x86_64-fedora-gcc, r-prerel-macos-arm64, r-prerel-windows-x86_64, r-patched-linux-x86_64