CRAN Package Check Results for Package centiserve

Last updated on 2024-02-29 00:55:35 CET.

Flavor Version Tinstall Tcheck Ttotal Status Flags
r-devel-linux-x86_64-debian-clang 1.0.0 9.50 87.44 96.94 NOTE
r-devel-linux-x86_64-debian-gcc 1.0.0 8.23 65.35 73.58 NOTE
r-devel-linux-x86_64-fedora-clang 1.0.0 119.07 NOTE
r-devel-linux-x86_64-fedora-gcc 1.0.0 121.91 NOTE
r-devel-windows-x86_64 1.0.0 9.00 85.00 94.00 OK
r-patched-linux-x86_64 1.0.0 11.88 86.59 98.47 OK
r-release-linux-x86_64 1.0.0 10.18 84.89 95.07 OK
r-release-macos-arm64 1.0.0 37.00 OK
r-release-macos-x86_64 1.0.0 59.00 NOTE
r-release-windows-x86_64 1.0.0 12.00 97.00 109.00 OK
r-oldrel-macos-arm64 1.0.0 36.00 OK
r-oldrel-windows-x86_64 1.0.0 12.00 99.00 111.00 OK

Check Details

Version: 1.0.0
Check: Rd files
Result: NOTE checkRd: (-1) centroid.Rd:22: Lost braces; missing escapes or markup? 22 | Centroid value C_{cen}(v) for node v defined as: | ^ checkRd: (-1) clusterrank.Rd:23: Lost braces; missing escapes or markup? 23 | where the term f(c_{i}) accounts for the effect of i's local clustering and the term '+1' results from the contribution of \eqn{j}{j} itself. \cr | ^ Flavors: r-devel-linux-x86_64-debian-clang, r-devel-linux-x86_64-debian-gcc, r-devel-linux-x86_64-fedora-clang, r-devel-linux-x86_64-fedora-gcc

Version: 1.0.0
Check: package dependencies
Result: NOTE Package suggested but not available for checking: ‘linkcomm’ Flavor: r-release-macos-x86_64