CRAN Package Check Results for Package cfbfastR

Last updated on 2024-02-29 15:53:40 CET.

Flavor Version Tinstall Tcheck Ttotal Status Flags
r-devel-linux-x86_64-debian-clang 1.9.0 25.16 188.32 213.48 NOTE
r-devel-linux-x86_64-debian-gcc 1.9.0 20.77 141.32 162.09 NOTE
r-devel-linux-x86_64-fedora-clang 1.9.0 259.99 NOTE
r-devel-linux-x86_64-fedora-gcc 1.9.0 267.48 NOTE
r-devel-windows-x86_64 1.9.0 22.00 162.00 184.00 NOTE
r-patched-linux-x86_64 1.9.0 25.81 182.44 208.25 OK
r-release-linux-x86_64 1.9.0 23.82 180.78 204.60 OK
r-release-macos-arm64 1.9.0 117.00 OK
r-release-macos-x86_64 1.9.0 130.00 OK
r-release-windows-x86_64 1.9.0 29.00 193.00 222.00 OK
r-oldrel-macos-arm64 1.9.0 110.00 OK
r-oldrel-windows-x86_64 1.9.0 28.00 176.00 204.00 OK

Check Details

Version: 1.9.0
Check: Rd files
Result: NOTE checkRd: (-1) helpers_pbp.Rd:336: Lost braces in \itemize; meant \describe ? checkRd: (-1) helpers_pbp.Rd:337: Lost braces in \itemize; meant \describe ? checkRd: (-1) helpers_pbp.Rd:338: Lost braces in \itemize; meant \describe ? checkRd: (-1) helpers_pbp.Rd:339: Lost braces in \itemize; meant \describe ? checkRd: (-1) helpers_pbp.Rd:340: Lost braces in \itemize; meant \describe ? checkRd: (-1) helpers_pbp.Rd:341: Lost braces in \itemize; meant \describe ? checkRd: (-1) helpers_pbp.Rd:390: Lost braces in \itemize; meant \describe ? checkRd: (-1) helpers_pbp.Rd:391: Lost braces in \itemize; meant \describe ? checkRd: (-1) helpers_pbp.Rd:392: Lost braces in \itemize; meant \describe ? checkRd: (-1) helpers_pbp.Rd:393: Lost braces in \itemize; meant \describe ? checkRd: (-1) helpers_pbp.Rd:394: Lost braces in \itemize; meant \describe ? checkRd: (-1) update_cfb_db.Rd:46-48: Lost braces in \itemize; meant \describe ? checkRd: (-1) update_cfb_db.Rd:49-52: Lost braces in \itemize; meant \describe ? Flavors: r-devel-linux-x86_64-debian-clang, r-devel-linux-x86_64-debian-gcc, r-devel-linux-x86_64-fedora-clang, r-devel-linux-x86_64-fedora-gcc

Version: 1.9.0
Check: Rd \usage sections
Result: NOTE Documented arguments not in \usage in Rd file 'create_epa.Rd': ‘clean_pbp_dat’ ‘df’ Functions with \usage entries need to have the appropriate \alias entries, and all their arguments documented. The \usage entries must correspond to syntactically valid R code. See chapter ‘Writing R documentation files’ in the ‘Writing R Extensions’ manual. Flavors: r-devel-linux-x86_64-debian-clang, r-devel-linux-x86_64-debian-gcc, r-devel-linux-x86_64-fedora-clang, r-devel-linux-x86_64-fedora-gcc, r-devel-windows-x86_64