Last updated on 2024-05-04 08:51:10 CEST.
Flavor | Version | Tinstall | Tcheck | Ttotal | Status | Flags |
---|---|---|---|---|---|---|
r-devel-linux-x86_64-debian-clang | 1.0-3 | 44.92 | 248.49 | 293.41 | NOTE | |
r-devel-linux-x86_64-debian-gcc | 1.0-3 | 34.97 | 176.87 | 211.84 | NOTE | |
r-devel-linux-x86_64-fedora-clang | 1.0-3 | 367.07 | NOTE | |||
r-devel-linux-x86_64-fedora-gcc | 1.0-3 | 358.59 | NOTE | |||
r-devel-windows-x86_64 | 1.0-3 | 33.00 | 217.00 | 250.00 | NOTE | |
r-patched-linux-x86_64 | 1.0-3 | 47.37 | 230.74 | 278.11 | NOTE | |
r-release-linux-x86_64 | 1.0-3 | 26.53 | 232.15 | 258.68 | NOTE | |
r-release-macos-arm64 | 1.0-3 | 86.00 | NOTE | |||
r-release-windows-x86_64 | 1.0-3 | 32.00 | 215.00 | 247.00 | NOTE | |
r-oldrel-macos-arm64 | 1.0-3 | 95.00 | OK | |||
r-oldrel-macos-x86_64 | 1.0-3 | 156.00 | OK | |||
r-oldrel-windows-x86_64 | 1.0-3 | 47.00 | 273.00 | 320.00 | OK |
Version: 1.0-3
Check: Rd files
Result: NOTE
checkRd: (-1) comparisonsTable.cgOneFactorFit.Rd:47: Lost braces
47 | call (see {\dots } section below.)
| ^
Flavors: r-devel-linux-x86_64-debian-clang, r-devel-linux-x86_64-debian-gcc, r-devel-linux-x86_64-fedora-clang, r-devel-linux-x86_64-fedora-gcc, r-devel-windows-x86_64, r-patched-linux-x86_64, r-release-linux-x86_64, r-release-macos-arm64, r-release-windows-x86_64
Version: 1.0-3
Check: dependencies in R code
Result: NOTE
Namespace in Imports field not imported from: ‘grDevices’
All declared Imports should be used.
Flavors: r-devel-linux-x86_64-fedora-clang, r-devel-linux-x86_64-fedora-gcc