CRAN Package Check Results for Package cg

Last updated on 2024-02-26 00:50:41 CET.

Flavor Version Tinstall Tcheck Ttotal Status Flags
r-devel-linux-x86_64-debian-clang 1.0-3 36.44 247.34 283.78 NOTE
r-devel-linux-x86_64-debian-gcc 1.0-3 30.15 180.55 210.70 NOTE
r-devel-linux-x86_64-fedora-clang 1.0-3 347.38 NOTE
r-devel-linux-x86_64-fedora-gcc 1.0-3 336.57 NOTE
r-devel-windows-x86_64 1.0-3 34.00 225.00 259.00 OK
r-patched-linux-x86_64 1.0-3 43.75 238.27 282.02 OK
r-release-linux-x86_64 1.0-3 26.08 239.61 265.69 OK
r-release-macos-arm64 1.0-3 95.00 OK
r-release-macos-x86_64 1.0-3 156.00 OK
r-release-windows-x86_64 1.0-3 48.00 274.00 322.00 OK
r-oldrel-macos-arm64 1.0-3 96.00 NOTE
r-oldrel-windows-x86_64 1.0-3 51.00 272.00 323.00 OK

Check Details

Version: 1.0-3
Check: Rd files
Result: NOTE checkRd: (-1) comparisonsTable.cgOneFactorFit.Rd:47: Lost braces 47 | call (see {\dots } section below.) | ^ Flavors: r-devel-linux-x86_64-debian-clang, r-devel-linux-x86_64-debian-gcc

Version: 1.0-3
Check: dependencies in R code
Result: NOTE Namespace in Imports field not imported from: ‘grDevices’ All declared Imports should be used. Flavors: r-devel-linux-x86_64-fedora-clang, r-devel-linux-x86_64-fedora-gcc, r-oldrel-macos-arm64