Last updated on 2024-05-04 16:53:59 CEST.
Flavor | Version | Tinstall | Tcheck | Ttotal | Status | Flags |
---|---|---|---|---|---|---|
r-devel-linux-x86_64-debian-clang | 0.1.0 | 16.98 | 29.40 | 46.38 | OK | |
r-devel-linux-x86_64-debian-gcc | 0.1.0 | 13.03 | 22.82 | 35.85 | OK | |
r-devel-linux-x86_64-fedora-clang | 0.1.0 | 41.03 | NOTE | |||
r-devel-linux-x86_64-fedora-gcc | 0.1.0 | 40.42 | OK | |||
r-devel-windows-x86_64 | 0.1.0 | 17.00 | 47.00 | 64.00 | NOTE | |
r-patched-linux-x86_64 | 0.1.0 | 7.88 | 29.02 | 36.90 | OK | |
r-release-linux-x86_64 | 0.1.0 | 8.50 | 28.40 | 36.90 | OK | |
r-release-macos-arm64 | 0.1.0 | 28.00 | NOTE | |||
r-release-windows-x86_64 | 0.1.0 | 26.00 | 46.00 | 72.00 | NOTE | |
r-oldrel-macos-arm64 | 0.1.0 | 29.00 | NOTE | |||
r-oldrel-macos-x86_64 | 0.1.0 | 43.00 | NOTE | |||
r-oldrel-windows-x86_64 | 0.1.0 | 19.00 | 44.00 | 63.00 | NOTE |
Version: 0.1.0
Check: installed package size
Result: NOTE
installed size is 38.5Mb
sub-directories of 1Mb or more:
include 38.3Mb
Flavors: r-devel-linux-x86_64-fedora-clang, r-devel-windows-x86_64, r-release-macos-arm64, r-release-windows-x86_64, r-oldrel-macos-arm64, r-oldrel-macos-x86_64, r-oldrel-windows-x86_64