CRAN Package Check Results for Package chinese.misc

Last updated on 2024-02-23 16:53:13 CET.

Flavor Version Tinstall Tcheck Ttotal Status Flags
r-devel-linux-x86_64-debian-clang 0.2.3 NOTE
r-devel-linux-x86_64-debian-gcc 0.2.3 8.17 74.31 82.48 NOTE
r-devel-linux-x86_64-fedora-clang 0.2.3 126.16 NOTE
r-devel-linux-x86_64-fedora-gcc 0.2.3 135.50 NOTE
r-devel-windows-x86_64 0.2.3 12.00 104.00 116.00 NOTE
r-patched-linux-x86_64 0.2.3 13.15 97.45 110.60 NOTE
r-release-linux-x86_64 0.2.3 11.88 96.59 108.47 NOTE
r-release-macos-arm64 0.2.3 70.00 NOTE
r-release-macos-x86_64 0.2.3 58.00 NOTE
r-release-windows-x86_64 0.2.3 16.00 110.00 126.00 NOTE
r-oldrel-macos-arm64 0.2.3 32.00 NOTE
r-oldrel-windows-x86_64 0.2.3 14.00 108.00 122.00 NOTE

Check Details

Version: 0.2.3
Check: LazyData
Result: NOTE 'LazyData' is specified without a 'data' directory Flavors: r-devel-linux-x86_64-debian-clang, r-devel-linux-x86_64-debian-gcc, r-devel-linux-x86_64-fedora-clang, r-devel-linux-x86_64-fedora-gcc, r-devel-windows-x86_64, r-patched-linux-x86_64, r-release-linux-x86_64, r-release-macos-arm64, r-release-macos-x86_64, r-release-windows-x86_64, r-oldrel-macos-arm64, r-oldrel-windows-x86_64