CRAN Package Check Results for Package cif

Last updated on 2024-02-21 00:54:24 CET.

Flavor Version Tinstall Tcheck Ttotal Status Flags
r-devel-linux-x86_64-debian-clang 0.1.1 NOTE
r-devel-linux-x86_64-debian-gcc 0.1.1 4.65 34.03 38.68 NOTE
r-devel-linux-x86_64-fedora-clang 0.1.1 62.58 OK
r-devel-linux-x86_64-fedora-gcc 0.1.1 60.95 OK
r-devel-windows-x86_64 0.1.1 5.00 54.00 59.00 OK
r-patched-linux-x86_64 0.1.1 6.80 44.63 51.43 OK
r-release-linux-x86_64 0.1.1 4.71 44.99 49.70 OK
r-release-macos-arm64 0.1.1 25.00 OK
r-release-macos-x86_64 0.1.1 31.00 OK
r-release-windows-x86_64 0.1.1 7.00 59.00 66.00 OK
r-oldrel-macos-arm64 0.1.1 24.00 OK
r-oldrel-windows-x86_64 0.1.1 7.00 61.00 68.00 OK

Check Details

Version: 0.1.1
Check: Rd files
Result: NOTE checkRd: (-1) ec.datalag.Rd:5: Lost braces; missing escapes or markup? 5 | \title{prepares Dy y_1 Dy_1 ... Dy_{nlag-1} for estimation} | ^ checkRd: (-1) ec.datalag.Rd:15: Lost braces 15 | ymat contains the folloiwing columns {Dy y_1 Dy_1 ... Dy_{nlag-1}} | ^ checkRd: (-1) ec.datalag.Rd:15: Lost braces; missing escapes or markup? 15 | ymat contains the folloiwing columns {Dy y_1 Dy_1 ... Dy_{nlag-1}} | ^ checkRd: (-1) lagn.Rd:21: Lost braces; missing escapes or markup? 21 | REM: alternative to "lead-lag" {dplyr} which applies to vector y | ^ Flavors: r-devel-linux-x86_64-debian-clang, r-devel-linux-x86_64-debian-gcc