Last updated on 2024-05-04 08:51:10 CEST.
Flavor | Version | Tinstall | Tcheck | Ttotal | Status | Flags |
---|---|---|---|---|---|---|
r-devel-linux-x86_64-debian-clang | 0.4.5 | 5.54 | 69.98 | 75.52 | NOTE | |
r-devel-linux-x86_64-debian-gcc | 0.4.5 | 6.03 | 51.69 | 57.72 | NOTE | |
r-devel-linux-x86_64-fedora-clang | 0.4.5 | 95.25 | NOTE | |||
r-devel-linux-x86_64-fedora-gcc | 0.4.5 | 115.45 | NOTE | |||
r-devel-windows-x86_64 | 0.4.5 | 7.00 | 73.00 | 80.00 | NOTE | |
r-patched-linux-x86_64 | 0.4.5 | 5.71 | 66.36 | 72.07 | NOTE | |
r-release-linux-x86_64 | 0.4.5 | 7.63 | 65.28 | 72.91 | NOTE | |
r-release-macos-arm64 | 0.4.5 | 37.00 | NOTE | |||
r-release-windows-x86_64 | 0.4.5 | 7.00 | 69.00 | 76.00 | NOTE | |
r-oldrel-macos-arm64 | 0.4.5 | 34.00 | NOTE | |||
r-oldrel-macos-x86_64 | 0.4.5 | 51.00 | NOTE | |||
r-oldrel-windows-x86_64 | 0.4.5 | 8.00 | 77.00 | 85.00 | NOTE |
Version: 0.4.5
Check: LazyData
Result: NOTE
'LazyData' is specified without a 'data' directory
Flavors: r-devel-linux-x86_64-debian-clang, r-devel-linux-x86_64-debian-gcc, r-devel-linux-x86_64-fedora-clang, r-devel-linux-x86_64-fedora-gcc, r-devel-windows-x86_64, r-patched-linux-x86_64, r-release-linux-x86_64, r-release-macos-arm64, r-release-windows-x86_64, r-oldrel-macos-arm64, r-oldrel-macos-x86_64, r-oldrel-windows-x86_64