CRAN Package Check Results for Package clespr

Last updated on 2024-02-28 16:50:29 CET.

Flavor Version Tinstall Tcheck Ttotal Status Flags
r-devel-linux-x86_64-debian-clang 1.1.2 9.58 81.21 90.79 NOTE
r-devel-linux-x86_64-debian-gcc 1.1.2 6.26 61.52 67.78 NOTE
r-devel-linux-x86_64-fedora-clang 1.1.2 108.14 NOTE
r-devel-linux-x86_64-fedora-gcc 1.1.2 105.85 NOTE
r-devel-windows-x86_64 1.1.2 10.00 75.00 85.00 NOTE
r-patched-linux-x86_64 1.1.2 7.00 78.70 85.70 NOTE
r-release-linux-x86_64 1.1.2 10.45 79.69 90.14 NOTE
r-release-macos-arm64 1.1.2 40.00 NOTE
r-release-macos-x86_64 1.1.2 59.00 NOTE
r-release-windows-x86_64 1.1.2 12.00 91.00 103.00 NOTE
r-oldrel-macos-arm64 1.1.2 36.00 NOTE
r-oldrel-windows-x86_64 1.1.2 13.00 93.00 106.00 NOTE

Check Details

Version: 1.1.2
Check: LazyData
Result: NOTE 'LazyData' is specified without a 'data' directory Flavors: r-devel-linux-x86_64-debian-clang, r-devel-linux-x86_64-debian-gcc, r-devel-linux-x86_64-fedora-clang, r-devel-linux-x86_64-fedora-gcc, r-devel-windows-x86_64, r-patched-linux-x86_64, r-release-linux-x86_64, r-release-macos-arm64, r-release-macos-x86_64, r-release-windows-x86_64, r-oldrel-macos-arm64, r-oldrel-windows-x86_64