CRAN Package Check Results for Package climaemet

Last updated on 2024-02-26 00:50:42 CET.

Flavor Version Tinstall Tcheck Ttotal Status Flags
r-devel-linux-x86_64-debian-clang 1.2.1 8.75 68.48 77.23 OK
r-devel-linux-x86_64-debian-gcc 1.2.1 6.25 51.78 58.03 OK
r-devel-linux-x86_64-fedora-clang 1.2.1 94.03 NOTE
r-devel-linux-x86_64-fedora-gcc 1.2.1 101.21 NOTE
r-devel-windows-x86_64 1.2.1 9.00 76.00 85.00 OK
r-patched-linux-x86_64 1.2.1 9.06 66.26 75.32 OK
r-release-linux-x86_64 1.2.1 7.18 66.53 73.71 OK
r-release-macos-arm64 1.2.1 44.00 OK
r-release-macos-x86_64 1.2.1 70.00 OK
r-release-windows-x86_64 1.2.1 11.00 84.00 95.00 OK
r-oldrel-macos-arm64 1.2.1 39.00 OK
r-oldrel-windows-x86_64 1.2.1 10.00 87.00 97.00 OK

Check Details

Version: 1.2.1
Check: data for non-ASCII characters
Result: NOTE Note: found 8737 marked UTF-8 strings Flavors: r-devel-linux-x86_64-fedora-clang, r-devel-linux-x86_64-fedora-gcc