CRAN Package Check Results for Package clinDataReview

Last updated on 2024-02-26 00:50:42 CET.

Flavor Version Tinstall Tcheck Ttotal Status Flags
r-devel-linux-x86_64-debian-clang 1.5.0 14.60 196.40 211.00 OK
r-devel-linux-x86_64-debian-gcc 1.5.0 11.95 147.68 159.63 OK
r-devel-linux-x86_64-fedora-clang 1.5.0 272.64 NOTE
r-devel-linux-x86_64-fedora-gcc 1.5.0 277.77 OK
r-devel-windows-x86_64 1.5.0 15.00 168.00 183.00 NOTE
r-patched-linux-x86_64 1.5.0 11.32 187.50 198.82 OK
r-release-linux-x86_64 1.5.0 9.26 191.23 200.49 OK
r-release-macos-arm64 1.5.0 97.00 NOTE
r-release-macos-x86_64 1.5.0 134.00 NOTE
r-release-windows-x86_64 1.5.0 19.00 206.00 225.00 NOTE
r-oldrel-macos-arm64 1.5.0 93.00 NOTE
r-oldrel-windows-x86_64 1.5.0 18.00 204.00 222.00 NOTE

Check Details

Version: 1.5.0
Check: installed package size
Result: NOTE installed size is 5.6Mb sub-directories of 1Mb or more: doc 4.3Mb Flavors: r-devel-linux-x86_64-fedora-clang, r-devel-windows-x86_64, r-release-macos-arm64, r-release-macos-x86_64, r-release-windows-x86_64, r-oldrel-macos-arm64, r-oldrel-windows-x86_64