CRAN Package Check Results for Package clinUtils

Last updated on 2024-07-18 16:49:02 CEST.

Flavor Version Tinstall Tcheck Ttotal Status Flags
r-devel-linux-x86_64-debian-clang 0.2.0 9.88 123.34 133.22 OK
r-devel-linux-x86_64-debian-gcc 0.2.0 6.67 89.69 96.36 OK
r-devel-linux-x86_64-fedora-clang 0.2.0 163.75 NOTE
r-devel-linux-x86_64-fedora-gcc 0.2.0 168.79 OK
r-devel-windows-x86_64 0.2.0 9.00 118.00 127.00 NOTE
r-patched-linux-x86_64 0.2.0 13.62 116.53 130.15 OK
r-release-linux-x86_64 0.2.0 4.90 116.60 121.50 OK
r-release-macos-arm64 0.2.0 56.00 NOTE
r-release-macos-x86_64 0.2.0 81.00 NOTE
r-release-windows-x86_64 0.2.0 10.00 110.00 120.00 NOTE
r-oldrel-macos-arm64 0.2.0 66.00 NOTE
r-oldrel-macos-x86_64 0.2.0 146.00 NOTE
r-oldrel-windows-x86_64 0.2.0 11.00 137.00 148.00 NOTE

Check Details

Version: 0.2.0
Check: installed package size
Result: NOTE installed size is 7.6Mb sub-directories of 1Mb or more: doc 6.5Mb Flavors: r-devel-linux-x86_64-fedora-clang, r-devel-windows-x86_64, r-release-macos-arm64, r-release-macos-x86_64, r-release-windows-x86_64, r-oldrel-macos-arm64, r-oldrel-macos-x86_64, r-oldrel-windows-x86_64

Version: 0.2.0
Check: Rd cross-references
Result: NOTE Found the following Rd file(s) with Rd \link{} targets missing package anchors: knitPrintListObjects.Rd: knitr Please provide package anchors for all Rd \link{} targets not in the package itself and the base packages. Flavor: r-devel-windows-x86_64