CRAN Package Check Results for Package clusterHD

Last updated on 2024-07-13 00:55:22 CEST.

Flavor Version Tinstall Tcheck Ttotal Status Flags
r-devel-linux-x86_64-debian-clang 1.0.2 29.23 34.31 63.54 NOTE
r-devel-linux-x86_64-debian-gcc 1.0.2 26.13 26.55 52.68 NOTE
r-devel-linux-x86_64-fedora-clang 1.0.2 97.92 NOTE
r-devel-linux-x86_64-fedora-gcc 1.0.2 100.23 NOTE
r-devel-windows-x86_64 1.0.2 29.00 67.00 96.00 NOTE
r-patched-linux-x86_64 1.0.2 27.61 33.51 61.12 NOTE
r-release-linux-x86_64 1.0.2 26.91 32.67 59.58 NOTE
r-release-macos-arm64 1.0.2 26.00 NOTE
r-release-macos-x86_64 1.0.2 37.00 NOTE
r-release-windows-x86_64 1.0.2 30.00 63.00 93.00 NOTE
r-oldrel-macos-arm64 1.0.2 29.00 NOTE
r-oldrel-macos-x86_64 1.0.2 44.00 NOTE
r-oldrel-windows-x86_64 1.0.2 35.00 74.00 109.00 NOTE

Check Details

Version: 1.0.2
Check: C++ specification
Result: NOTE Specified C++11: please drop specification unless essential Flavors: r-devel-linux-x86_64-debian-clang, r-devel-linux-x86_64-debian-gcc, r-devel-linux-x86_64-fedora-clang, r-devel-linux-x86_64-fedora-gcc, r-devel-windows-x86_64, r-patched-linux-x86_64, r-release-linux-x86_64, r-release-macos-arm64, r-release-macos-x86_64, r-release-windows-x86_64, r-oldrel-macos-arm64, r-oldrel-macos-x86_64, r-oldrel-windows-x86_64

Version: 1.0.2
Check: Rd files
Result: NOTE checkRd: (-1) HTKmeans.Rd:62: Lost braces 62 | \item{centers }{A matrix of cluster centres.} | ^ checkRd: (-1) HTKmeans.Rd:62: Lost braces 62 | \item{centers }{A matrix of cluster centres.} | ^ checkRd: (-1) HTKmeans.Rd:63: Lost braces 63 | \item{cluster }{A vector of integers (from 1:\code{k}) indicating the cluster to which each point is allocated.} | ^ checkRd: (-1) HTKmeans.Rd:63: Lost braces 63 | \item{cluster }{A vector of integers (from 1:\code{k}) indicating the cluster to which each point is allocated.} | ^ checkRd: (-1) HTKmeans.Rd:64: Lost braces 64 | \item{itnb }{The number of iterations executed until convergence} | ^ checkRd: (-1) HTKmeans.Rd:64: Lost braces 64 | \item{itnb }{The number of iterations executed until convergence} | ^ checkRd: (-1) HTKmeans.Rd:65: Lost braces 65 | \item{converged }{Whether the algorithm stopped by converging or through reaching the maximum number of itertions.} | ^ checkRd: (-1) HTKmeans.Rd:65: Lost braces 65 | \item{converged }{Whether the algorithm stopped by converging or through reaching the maximum number of itertions.} | ^ Flavors: r-devel-linux-x86_64-debian-clang, r-devel-linux-x86_64-debian-gcc, r-devel-linux-x86_64-fedora-clang, r-devel-linux-x86_64-fedora-gcc, r-devel-windows-x86_64, r-patched-linux-x86_64, r-release-linux-x86_64, r-release-macos-arm64, r-release-macos-x86_64, r-release-windows-x86_64