CRAN Package Check Results for Package cmhc

Last updated on 2024-02-29 00:55:36 CET.

Flavor Version Tinstall Tcheck Ttotal Status Flags
r-devel-linux-x86_64-debian-clang 0.2.7 6.06 52.42 58.48 OK
r-devel-linux-x86_64-debian-gcc 0.2.7 5.50 40.73 46.23 OK
r-devel-linux-x86_64-fedora-clang 0.2.7 75.45 NOTE
r-devel-linux-x86_64-fedora-gcc 0.2.7 87.31 NOTE
r-devel-windows-x86_64 0.2.7 7.00 63.00 70.00 OK
r-patched-linux-x86_64 0.2.7 6.60 51.56 58.16 OK
r-release-linux-x86_64 0.2.7 5.17 51.95 57.12 OK
r-release-macos-arm64 0.2.7 42.00 OK
r-release-macos-x86_64 0.2.7 64.00 OK
r-release-windows-x86_64 0.2.7 9.00 68.00 77.00 OK
r-oldrel-macos-arm64 0.2.7 33.00 OK
r-oldrel-windows-x86_64 0.2.7 9.00 71.00 80.00 OK

Check Details

Version: 0.2.7
Check: data for non-ASCII characters
Result: NOTE Note: found 4622 marked UTF-8 strings Flavors: r-devel-linux-x86_64-fedora-clang, r-devel-linux-x86_64-fedora-gcc