CRAN Package Check Results for Package cmmr

Last updated on 2024-02-24 16:48:15 CET.

Flavor Version Tinstall Tcheck Ttotal Status Flags
r-devel-linux-x86_64-debian-clang 0.1.2 2.02 25.25 27.27 NOTE
r-devel-linux-x86_64-debian-gcc 0.1.2 1.68 19.87 21.55 NOTE
r-devel-linux-x86_64-fedora-clang 0.1.2 34.13 NOTE
r-devel-linux-x86_64-fedora-gcc 0.1.2 32.86 NOTE
r-devel-windows-x86_64 0.1.2 4.00 46.00 50.00 NOTE
r-patched-linux-x86_64 0.1.2 2.46 25.15 27.61 NOTE
r-release-linux-x86_64 0.1.2 2.41 25.12 27.53 NOTE
r-release-macos-arm64 0.1.2 24.00 NOTE
r-release-macos-x86_64 0.1.2 28.00 NOTE
r-release-windows-x86_64 0.1.2 4.00 47.00 51.00 NOTE
r-oldrel-macos-arm64 0.1.2 17.00 NOTE
r-oldrel-windows-x86_64 0.1.2 5.00 51.00 56.00 NOTE

Check Details

Version: 0.1.2
Check: LazyData
Result: NOTE 'LazyData' is specified without a 'data' directory Flavors: r-devel-linux-x86_64-debian-clang, r-devel-linux-x86_64-debian-gcc, r-devel-linux-x86_64-fedora-clang, r-devel-linux-x86_64-fedora-gcc, r-devel-windows-x86_64, r-patched-linux-x86_64, r-release-linux-x86_64, r-release-macos-arm64, r-release-macos-x86_64, r-release-windows-x86_64, r-oldrel-macos-arm64, r-oldrel-windows-x86_64