CRAN Package Check Results for Package cnbdistr

Last updated on 2024-02-24 16:48:15 CET.

Flavor Version Tinstall Tcheck Ttotal Status Flags
r-devel-linux-x86_64-debian-clang 1.0.1 2.26 56.16 58.42 NOTE
r-devel-linux-x86_64-debian-gcc 1.0.1 1.98 39.35 41.33 NOTE
r-devel-linux-x86_64-fedora-clang 1.0.1 69.74 NOTE
r-devel-linux-x86_64-fedora-gcc 1.0.1 82.92 NOTE
r-devel-windows-x86_64 1.0.1 3.00 56.00 59.00 NOTE
r-patched-linux-x86_64 1.0.1 2.99 53.47 56.46 NOTE
r-release-linux-x86_64 1.0.1 2.50 54.86 57.36 NOTE
r-release-macos-arm64 1.0.1 33.00 NOTE
r-release-macos-x86_64 1.0.1 44.00 NOTE
r-release-windows-x86_64 1.0.1 4.00 63.00 67.00 NOTE
r-oldrel-macos-arm64 1.0.1 25.00 NOTE
r-oldrel-windows-x86_64 1.0.1 4.00 67.00 71.00 NOTE

Check Details

Version: 1.0.1
Check: LazyData
Result: NOTE 'LazyData' is specified without a 'data' directory Flavors: r-devel-linux-x86_64-debian-clang, r-devel-linux-x86_64-debian-gcc, r-devel-linux-x86_64-fedora-clang, r-devel-linux-x86_64-fedora-gcc, r-devel-windows-x86_64, r-patched-linux-x86_64, r-release-linux-x86_64, r-release-macos-arm64, r-release-macos-x86_64, r-release-windows-x86_64, r-oldrel-macos-arm64, r-oldrel-windows-x86_64