Last updated on 2024-05-21 00:57:05 CEST.
Flavor | Version | Tinstall | Tcheck | Ttotal | Status | Flags |
---|---|---|---|---|---|---|
r-devel-linux-x86_64-debian-clang | 1.0.2 | 33.75 | 143.03 | 176.78 | OK | |
r-devel-linux-x86_64-debian-gcc | 1.0.2 | 26.06 | 125.11 | 151.17 | OK | |
r-devel-linux-x86_64-fedora-clang | 1.0.2 | 241.94 | OK | |||
r-devel-linux-x86_64-fedora-gcc | 1.0.2 | 244.85 | OK | |||
r-devel-windows-x86_64 | 1.0.2 | 28.00 | 145.00 | 173.00 | OK | |
r-patched-linux-x86_64 | 1.0.2 | 35.21 | 146.00 | 181.21 | OK | |
r-release-linux-x86_64 | 1.0.2 | 33.53 | 149.99 | 183.52 | OK | |
r-release-macos-arm64 | 1.0.2 | 84.00 | NOTE | |||
r-release-macos-x86_64 | 1.0.2 | 241.00 | NOTE | |||
r-release-windows-x86_64 | 1.0.2 | 29.00 | 151.00 | 180.00 | OK | |
r-oldrel-macos-arm64 | 1.0.2 | 98.00 | NOTE | |||
r-oldrel-macos-x86_64 | 1.0.2 | 204.00 | NOTE | |||
r-oldrel-windows-x86_64 | 1.0.2 | 36.00 | 187.00 | 223.00 | OK |
Version: 1.0.2
Check: installed package size
Result: NOTE
installed size is 5.8Mb
sub-directories of 1Mb or more:
libs 5.6Mb
Flavors: r-release-macos-arm64, r-release-macos-x86_64, r-oldrel-macos-arm64, r-oldrel-macos-x86_64