Last updated on 2023-10-03 17:05:51 CEST.
Flavor | Version | Tinstall | Tcheck | Ttotal | Status | Flags |
---|---|---|---|---|---|---|
r-devel-linux-x86_64-debian-clang | 1.9.6 | 242.76 | 405.08 | 647.84 | OK | |
r-devel-linux-x86_64-debian-gcc | 1.9.6 | 169.14 | 292.88 | 462.02 | OK | |
r-devel-linux-x86_64-fedora-clang | 1.9.6 | 836.94 | OK | |||
r-devel-linux-x86_64-fedora-gcc | 1.9.6 | 717.41 | OK | |||
r-devel-windows-x86_64 | 1.9.6 | 177.00 | 333.00 | 510.00 | OK | |
r-patched-linux-x86_64 | 1.9.6 | 239.13 | 384.71 | 623.84 | OK | |
r-release-linux-x86_64 | 1.9.6 | 250.51 | 387.35 | 637.86 | OK | |
r-release-macos-arm64 | 1.9.6 | 214.00 | NOTE | |||
r-release-macos-x86_64 | 1.9.6 | 508.00 | NOTE | |||
r-release-windows-x86_64 | 1.9.6 | 231.00 | 418.00 | 649.00 | OK | |
r-oldrel-macos-arm64 | 1.9.6 | 209.00 | NOTE | |||
r-oldrel-macos-x86_64 | 1.9.6 | 260.00 | NOTE | |||
r-oldrel-windows-x86_64 | 1.9.6 | 213.00 | 417.00 | 630.00 | OK |
Version: 1.9.6
Check: installed package size
Result: NOTE
installed size is 13.1Mb
sub-directories of 1Mb or more:
R 1.0Mb
libs 10.5Mb
Flavors: r-release-macos-arm64, r-release-macos-x86_64, r-oldrel-macos-arm64, r-oldrel-macos-x86_64