CRAN Package Check Results for Package collidr

Last updated on 2024-02-28 08:54:23 CET.

Flavor Version Tinstall Tcheck Ttotal Status Flags
r-devel-linux-x86_64-debian-clang 0.1.3 7.53 51.17 58.70 OK
r-devel-linux-x86_64-debian-gcc 0.1.3 6.29 40.10 46.39 OK
r-devel-linux-x86_64-fedora-clang 0.1.3 75.23 NOTE
r-devel-linux-x86_64-fedora-gcc 0.1.3 72.38 NOTE
r-devel-windows-x86_64 0.1.3 8.00 64.00 72.00 OK
r-patched-linux-x86_64 0.1.3 6.57 51.59 58.16 OK
r-release-linux-x86_64 0.1.3 7.91 51.68 59.59 OK
r-release-macos-arm64 0.1.3 29.00 OK
r-release-macos-x86_64 0.1.3 43.00 OK
r-release-windows-x86_64 0.1.3 11.00 69.00 80.00 OK
r-oldrel-macos-arm64 0.1.3 29.00 NOTE
r-oldrel-windows-x86_64 0.1.3 11.00 76.00 87.00 OK

Check Details

Version: 0.1.3
Check: data for non-ASCII characters
Result: NOTE Note: found 4186 marked UTF-8 strings Flavors: r-devel-linux-x86_64-fedora-clang, r-devel-linux-x86_64-fedora-gcc, r-oldrel-macos-arm64