Last updated on 2023-12-10 00:55:40 CET.
Flavor | Version | Tinstall | Tcheck | Ttotal | Status | Flags |
---|---|---|---|---|---|---|
r-devel-linux-x86_64-debian-clang | 0.1.4 | 7.44 | 78.79 | 86.23 | NOTE | |
r-devel-linux-x86_64-debian-gcc | 0.1.4 | 6.81 | 57.07 | 63.88 | NOTE | |
r-devel-linux-x86_64-fedora-clang | 0.1.4 | 112.28 | NOTE | |||
r-devel-linux-x86_64-fedora-gcc | 0.1.4 | 105.70 | NOTE | |||
r-devel-windows-x86_64 | 0.1.4 | 9.00 | 76.00 | 85.00 | NOTE | |
r-patched-linux-x86_64 | 0.1.4 | 12.45 | 73.25 | 85.70 | NOTE | |
r-release-linux-x86_64 | 0.1.4 | 8.94 | 72.14 | 81.08 | NOTE | |
r-release-macos-arm64 | 0.1.4 | 32.00 | NOTE | |||
r-release-macos-x86_64 | 0.1.4 | 51.00 | NOTE | |||
r-release-windows-x86_64 | 0.1.4 | 10.00 | 84.00 | 94.00 | NOTE | |
r-oldrel-macos-arm64 | 0.1.4 | 33.00 | NOTE | |||
r-oldrel-macos-x86_64 | 0.1.4 | 55.00 | NOTE | |||
r-oldrel-windows-x86_64 | 0.1.4 | 12.00 | 92.00 | 104.00 | NOTE |
Version: 0.1.4
Check: LazyData
Result: NOTE
'LazyData' is specified without a 'data' directory
Flavors: r-devel-linux-x86_64-debian-clang, r-devel-linux-x86_64-debian-gcc, r-devel-linux-x86_64-fedora-clang, r-devel-linux-x86_64-fedora-gcc, r-devel-windows-x86_64, r-patched-linux-x86_64, r-release-linux-x86_64, r-release-macos-arm64, r-release-macos-x86_64, r-release-windows-x86_64, r-oldrel-macos-arm64, r-oldrel-macos-x86_64, r-oldrel-windows-x86_64