CRAN Package Check Results for Package colorpatch

Last updated on 2024-02-20 16:49:23 CET.

Flavor Version Tinstall Tcheck Ttotal Status Flags
r-devel-linux-x86_64-debian-clang 0.1.2 OK
r-devel-linux-x86_64-debian-gcc 0.1.2 4.60 44.89 49.49 OK
r-devel-linux-x86_64-fedora-clang 0.1.2 79.61 NOTE
r-devel-linux-x86_64-fedora-gcc 0.1.2 88.84 NOTE
r-devel-windows-x86_64 0.1.2 6.00 69.00 75.00 OK
r-patched-linux-x86_64 0.1.2 9.58 57.99 67.57 OK
r-release-linux-x86_64 0.1.2 5.84 58.15 63.99 OK
r-release-macos-arm64 0.1.2 35.00 OK
r-release-macos-x86_64 0.1.2 52.00 OK
r-release-windows-x86_64 0.1.2 9.00 77.00 86.00 OK
r-oldrel-macos-arm64 0.1.2 27.00 NOTE
r-oldrel-windows-x86_64 0.1.2 9.00 78.00 87.00 OK

Check Details

Version: 0.1.2
Check: dependencies in R code
Result: NOTE Namespaces in Imports field not imported from: ‘grid’ ‘gridExtra’ All declared Imports should be used. Flavors: r-devel-linux-x86_64-fedora-clang, r-devel-linux-x86_64-fedora-gcc, r-oldrel-macos-arm64