CRAN Package Check Results for Package combiter

Last updated on 2024-02-21 00:54:24 CET.

Flavor Version Tinstall Tcheck Ttotal Status Flags
r-devel-linux-x86_64-debian-clang 1.0.3 NOTE
r-devel-linux-x86_64-debian-gcc 1.0.3 34.78 32.48 67.26 NOTE
r-devel-linux-x86_64-fedora-clang 1.0.3 123.62 NOTE
r-devel-linux-x86_64-fedora-gcc 1.0.3 116.53 NOTE
r-devel-windows-x86_64 1.0.3 34.00 74.00 108.00 NOTE
r-patched-linux-x86_64 1.0.3 46.75 41.57 88.32 NOTE
r-release-linux-x86_64 1.0.3 44.84 41.20 86.04 NOTE
r-release-macos-arm64 1.0.3 36.00 NOTE
r-release-macos-x86_64 1.0.3 56.00 NOTE
r-release-windows-x86_64 1.0.3 44.00 85.00 129.00 NOTE
r-oldrel-macos-arm64 1.0.3 32.00 NOTE
r-oldrel-windows-x86_64 1.0.3 41.00 80.00 121.00 NOTE

Check Details

Version: 1.0.3
Check: LazyData
Result: NOTE 'LazyData' is specified without a 'data' directory Flavors: r-devel-linux-x86_64-debian-clang, r-devel-linux-x86_64-debian-gcc, r-devel-linux-x86_64-fedora-clang, r-devel-linux-x86_64-fedora-gcc, r-devel-windows-x86_64, r-patched-linux-x86_64, r-release-linux-x86_64, r-release-macos-arm64, r-release-macos-x86_64, r-release-windows-x86_64, r-oldrel-macos-arm64, r-oldrel-windows-x86_64