CRAN Package Check Results for Package concom

Last updated on 2024-02-28 00:56:17 CET.

Flavor Version Tinstall Tcheck Ttotal Status Flags
r-devel-linux-x86_64-debian-clang 1.0.0 25.63 39.50 65.13 NOTE
r-devel-linux-x86_64-debian-gcc 1.0.0 17.21 31.25 48.46 NOTE
r-devel-linux-x86_64-fedora-clang 1.0.0 87.10 NOTE
r-devel-linux-x86_64-fedora-gcc 1.0.0 82.25 NOTE
r-devel-windows-x86_64 1.0.0 22.00 66.00 88.00 NOTE
r-patched-linux-x86_64 1.0.0 23.65 39.59 63.24 NOTE
r-release-linux-x86_64 1.0.0 24.80 39.74 64.54 NOTE
r-release-macos-arm64 1.0.0 30.00 NOTE
r-release-macos-x86_64 1.0.0 41.00 NOTE
r-release-windows-x86_64 1.0.0 28.00 75.00 103.00 NOTE
r-oldrel-macos-arm64 1.0.0 27.00 OK
r-oldrel-windows-x86_64 1.0.0 26.00 75.00 101.00 OK

Check Details

Version: 1.0.0
Check: C++ specification
Result: NOTE Specified C++11: please drop specification unless essential Flavors: r-devel-linux-x86_64-debian-clang, r-devel-linux-x86_64-debian-gcc, r-devel-linux-x86_64-fedora-clang, r-devel-linux-x86_64-fedora-gcc, r-devel-windows-x86_64, r-patched-linux-x86_64, r-release-linux-x86_64, r-release-macos-arm64, r-release-macos-x86_64, r-release-windows-x86_64