CRAN Package Check Results for Package concrete

Last updated on 2024-03-03 01:00:40 CET.

Flavor Version Tinstall Tcheck Ttotal Status Flags
r-devel-linux-x86_64-debian-clang 1.0.5 49.07 97.91 146.98 NOTE
r-devel-linux-x86_64-debian-gcc 1.0.5 31.82 72.94 104.76 NOTE
r-devel-linux-x86_64-fedora-clang 1.0.5 180.93 NOTE
r-devel-linux-x86_64-fedora-gcc 1.0.5 184.68 NOTE
r-devel-windows-x86_64 1.0.5 32.00 108.00 140.00 OK
r-patched-linux-x86_64 1.0.5 44.21 96.73 140.94 OK
r-release-linux-x86_64 1.0.5 38.51 96.74 135.25 OK
r-release-macos-arm64 1.0.5 75.00 OK
r-release-macos-x86_64 1.0.5 108.00 OK
r-release-windows-x86_64 1.0.5 42.00 131.00 173.00 OK
r-oldrel-macos-arm64 1.0.5 57.00 OK
r-oldrel-windows-x86_64 1.0.5 41.00 125.00 166.00 OK

Check Details

Version: 1.0.5
Check: Rd files
Result: NOTE checkRd: (-1) formatArguments.Rd:40: Lost braces in \itemize; meant \describe ? checkRd: (-1) formatArguments.Rd:41: Lost braces in \itemize; meant \describe ? checkRd: (-1) formatArguments.Rd:42: Lost braces in \itemize; meant \describe ? checkRd: (-1) formatArguments.Rd:43: Lost braces in \itemize; meant \describe ? checkRd: (-1) formatArguments.Rd:47-48: Lost braces in \itemize; meant \describe ? checkRd: (-1) formatArguments.Rd:49: Lost braces in \itemize; meant \describe ? checkRd: (-1) formatArguments.Rd:105: Lost braces in \itemize; \value handles \item{}{} directly checkRd: (-1) formatArguments.Rd:107: Lost braces in \itemize; \value handles \item{}{} directly checkRd: (-1) formatArguments.Rd:108: Lost braces in \itemize; \value handles \item{}{} directly checkRd: (-1) formatArguments.Rd:109: Lost braces in \itemize; \value handles \item{}{} directly checkRd: (-1) formatArguments.Rd:110: Lost braces in \itemize; \value handles \item{}{} directly checkRd: (-1) formatArguments.Rd:111: Lost braces in \itemize; \value handles \item{}{} directly checkRd: (-1) formatArguments.Rd:113: Lost braces in \itemize; \value handles \item{}{} directly checkRd: (-1) formatArguments.Rd:114: Lost braces in \itemize; \value handles \item{}{} directly checkRd: (-1) formatArguments.Rd:115: Lost braces in \itemize; \value handles \item{}{} directly checkRd: (-1) formatArguments.Rd:117: Lost braces in \itemize; \value handles \item{}{} directly checkRd: (-1) formatArguments.Rd:118: Lost braces in \itemize; \value handles \item{}{} directly checkRd: (-1) formatArguments.Rd:120: Lost braces in \itemize; \value handles \item{}{} directly checkRd: (-1) formatArguments.Rd:121: Lost braces in \itemize; \value handles \item{}{} directly checkRd: (-1) formatArguments.Rd:122: Lost braces in \itemize; \value handles \item{}{} directly checkRd: (-1) formatArguments.Rd:123: Lost braces in \itemize; \value handles \item{}{} directly checkRd: (-1) formatArguments.Rd:124: Lost braces in \itemize; \value handles \item{}{} directly checkRd: (-1) formatArguments.Rd:125: Lost braces in \itemize; \value handles \item{}{} directly checkRd: (-1) formatArguments.Rd:126: Lost braces in \itemize; \value handles \item{}{} directly checkRd: (-1) formatArguments.Rd:127: Lost braces in \itemize; \value handles \item{}{} directly Flavors: r-devel-linux-x86_64-debian-clang, r-devel-linux-x86_64-debian-gcc, r-devel-linux-x86_64-fedora-clang, r-devel-linux-x86_64-fedora-gcc