CRAN Package Check Results for Package condTruncMVN

Last updated on 2024-06-25 00:57:55 CEST.

Flavor Version Tinstall Tcheck Ttotal Status Flags
r-devel-linux-x86_64-debian-clang 0.0.2 8.03 77.80 85.83 NOTE
r-devel-linux-x86_64-debian-gcc 0.0.2 6.24 60.15 66.39 NOTE
r-devel-linux-x86_64-fedora-clang 0.0.2 108.49 NOTE
r-devel-linux-x86_64-fedora-gcc 0.0.2 121.99 NOTE
r-devel-windows-x86_64 0.0.2 8.00 76.00 84.00 NOTE
r-patched-linux-x86_64 0.0.2 6.70 75.40 82.10 NOTE
r-release-linux-x86_64 0.0.2 6.26 75.76 82.02 NOTE
r-release-macos-arm64 0.0.2 41.00 NOTE
r-release-macos-x86_64 0.0.2 68.00 NOTE
r-release-windows-x86_64 0.0.2 7.00 78.00 85.00 NOTE
r-oldrel-macos-arm64 0.0.2 43.00 NOTE
r-oldrel-macos-x86_64 0.0.2 67.00 NOTE
r-oldrel-windows-x86_64 0.0.2 9.00 85.00 94.00 NOTE

Check Details

Version: 0.0.2
Check: package subdirectories
Result: NOTE Problems with news in ‘NEWS.md’: No news entries found. Flavors: r-devel-linux-x86_64-debian-clang, r-devel-linux-x86_64-debian-gcc, r-devel-linux-x86_64-fedora-clang, r-devel-linux-x86_64-fedora-gcc, r-devel-windows-x86_64, r-patched-linux-x86_64, r-release-linux-x86_64, r-release-macos-arm64, r-release-macos-x86_64, r-release-windows-x86_64, r-oldrel-macos-arm64, r-oldrel-macos-x86_64, r-oldrel-windows-x86_64

Version: 0.0.2
Check: LazyData
Result: NOTE 'LazyData' is specified without a 'data' directory Flavors: r-devel-linux-x86_64-debian-clang, r-devel-linux-x86_64-debian-gcc, r-devel-linux-x86_64-fedora-clang, r-devel-linux-x86_64-fedora-gcc, r-devel-windows-x86_64, r-patched-linux-x86_64, r-release-linux-x86_64, r-release-macos-arm64, r-release-macos-x86_64, r-release-windows-x86_64, r-oldrel-macos-arm64, r-oldrel-macos-x86_64, r-oldrel-windows-x86_64

Version: 0.0.2
Check: Rd cross-references
Result: NOTE Undeclared package ‘mvtnorm’ in Rd xrefs Flavor: r-devel-linux-x86_64-fedora-clang