Last updated on 2024-05-04 08:51:11 CEST.
Flavor | Version | Tinstall | Tcheck | Ttotal | Status | Flags |
---|---|---|---|---|---|---|
r-devel-linux-x86_64-debian-clang | 1.8.3 | 16.24 | 203.48 | 219.72 | NOTE | |
r-devel-linux-x86_64-debian-gcc | 1.8.3 | 14.23 | 145.30 | 159.53 | NOTE | |
r-devel-linux-x86_64-fedora-clang | 1.8.3 | 269.70 | NOTE | |||
r-devel-linux-x86_64-fedora-gcc | 1.8.3 | 305.92 | NOTE | |||
r-devel-windows-x86_64 | 1.8.3 | 15.00 | 159.00 | 174.00 | NOTE | |
r-patched-linux-x86_64 | 1.8.3 | 16.25 | 188.23 | 204.48 | NOTE | |
r-release-linux-x86_64 | 1.8.3 | 15.85 | 190.82 | 206.67 | NOTE | |
r-release-macos-arm64 | 1.8.3 | 79.00 | NOTE | |||
r-release-windows-x86_64 | 1.8.3 | 16.00 | 160.00 | 176.00 | NOTE | |
r-oldrel-macos-arm64 | 1.8.3 | 82.00 | OK | |||
r-oldrel-macos-x86_64 | 1.8.3 | 206.00 | OK | |||
r-oldrel-windows-x86_64 | 1.8.3 | 20.00 | 187.00 | 207.00 | OK |
Version: 1.8.3
Check: Rd files
Result: NOTE
checkRd: (-1) coversim.Rd:103: Lost braces; missing escapes or markup?
103 | \item{xlas}{numeric in {0, 1, 2, 3} specifying the style of axis labels (see \code{las} in \code{\link{par}},
| ^
checkRd: (-1) coversim.Rd:106: Lost braces; missing escapes or markup?
106 | \item{ylas}{numeric in {0, 1, 2, 3} specifying the style of axis labels (see \code{las} in \code{\link{par}},
| ^
checkRd: (-1) crplot.Rd:77: Lost braces; missing escapes or markup?
77 | \item{xlas}{numeric in {0, 1, 2, 3} specifying the style of axis labels (see \code{las} in \code{\link{par}}).}
| ^
checkRd: (-1) crplot.Rd:79: Lost braces; missing escapes or markup?
79 | \item{ylas}{numeric in {0, 1, 2, 3} specifying the style of axis labels (see \code{las} in \code{\link{par}}).}
| ^
Flavors: r-devel-linux-x86_64-debian-clang, r-devel-linux-x86_64-debian-gcc, r-devel-linux-x86_64-fedora-clang, r-devel-linux-x86_64-fedora-gcc, r-devel-windows-x86_64, r-patched-linux-x86_64, r-release-linux-x86_64, r-release-macos-arm64, r-release-windows-x86_64