CRAN Package Check Results for Package control

Last updated on 2024-02-22 08:54:04 CET.

Flavor Version Tinstall Tcheck Ttotal Status Flags
r-devel-linux-x86_64-debian-clang 0.2.5 NOTE
r-devel-linux-x86_64-debian-gcc 0.2.5 4.88 40.45 45.33 NOTE
r-devel-linux-x86_64-fedora-clang 0.2.5 74.89 NOTE
r-devel-linux-x86_64-fedora-gcc 0.2.5 71.72 NOTE
r-devel-windows-x86_64 0.2.5 6.00 71.00 77.00 NOTE
r-patched-linux-x86_64 0.2.5 5.61 53.60 59.21 NOTE
r-release-linux-x86_64 0.2.5 5.56 53.59 59.15 NOTE
r-release-macos-arm64 0.2.5 27.00 NOTE
r-release-macos-x86_64 0.2.5 38.00 NOTE
r-release-windows-x86_64 0.2.5 7.00 81.00 88.00 NOTE
r-oldrel-macos-arm64 0.2.5 26.00 NOTE
r-oldrel-windows-x86_64 0.2.5 7.00 72.00 79.00 NOTE

Check Details

Version: 0.2.5
Check: LazyData
Result: NOTE 'LazyData' is specified without a 'data' directory Flavors: r-devel-linux-x86_64-debian-clang, r-devel-linux-x86_64-debian-gcc, r-devel-linux-x86_64-fedora-clang, r-devel-linux-x86_64-fedora-gcc, r-devel-windows-x86_64, r-patched-linux-x86_64, r-release-linux-x86_64, r-release-macos-arm64, r-release-macos-x86_64, r-release-windows-x86_64, r-oldrel-macos-arm64, r-oldrel-windows-x86_64