CRAN Package Check Results for Package convertr

Last updated on 2024-02-29 08:48:49 CET.

Flavor Version Tinstall Tcheck Ttotal Status Flags
r-devel-linux-x86_64-debian-clang 0.1 2.56 24.58 27.14 NOTE
r-devel-linux-x86_64-debian-gcc 0.1 1.71 18.99 20.70 NOTE
r-devel-linux-x86_64-fedora-clang 0.1 33.56 NOTE
r-devel-linux-x86_64-fedora-gcc 0.1 32.16 NOTE
r-devel-windows-x86_64 0.1 3.00 42.00 45.00 NOTE
r-patched-linux-x86_64 0.1 1.71 24.53 26.24 NOTE
r-release-linux-x86_64 0.1 2.09 24.18 26.27 NOTE
r-release-macos-arm64 0.1 20.00 NOTE
r-release-macos-x86_64 0.1 23.00 NOTE
r-release-windows-x86_64 0.1 4.00 41.00 45.00 NOTE
r-oldrel-macos-arm64 0.1 23.00 NOTE
r-oldrel-windows-x86_64 0.1 4.00 45.00 49.00 NOTE

Check Details

Version: 0.1
Check: LazyData
Result: NOTE 'LazyData' is specified without a 'data' directory Flavors: r-devel-linux-x86_64-debian-clang, r-devel-linux-x86_64-debian-gcc, r-devel-linux-x86_64-fedora-clang, r-devel-linux-x86_64-fedora-gcc, r-devel-windows-x86_64, r-patched-linux-x86_64, r-release-linux-x86_64, r-release-macos-arm64, r-release-macos-x86_64, r-release-windows-x86_64, r-oldrel-macos-arm64, r-oldrel-windows-x86_64