Last updated on 2024-05-07 00:56:10 CEST.
Flavor | Version | Tinstall | Tcheck | Ttotal | Status | Flags |
---|---|---|---|---|---|---|
r-devel-linux-x86_64-debian-clang | 2.0-4 | 41.17 | 63.74 | 104.91 | NOTE | |
r-devel-linux-x86_64-debian-gcc | 2.0-4 | 27.80 | 46.05 | 73.85 | NOTE | |
r-devel-linux-x86_64-fedora-clang | 2.0-4 | 138.81 | NOTE | |||
r-devel-linux-x86_64-fedora-gcc | 2.0-4 | 198.10 | NOTE | |||
r-devel-windows-x86_64 | 2.0-4 | 34.00 | 79.00 | 113.00 | NOTE | |
r-patched-linux-x86_64 | 2.0-4 | 31.64 | 60.38 | 92.02 | NOTE | |
r-release-linux-x86_64 | 2.0-4 | 38.48 | 59.54 | 98.02 | NOTE | |
r-release-macos-arm64 | 2.0-4 | 36.00 | NOTE | |||
r-release-windows-x86_64 | 2.0-4 | 34.00 | 81.00 | 115.00 | NOTE | |
r-oldrel-macos-arm64 | 2.0-4 | 39.00 | OK | |||
r-oldrel-macos-x86_64 | 2.0-4 | 57.00 | OK | |||
r-oldrel-windows-x86_64 | 2.0-4 | 40.00 | 92.00 | 132.00 | OK |
Version: 2.0-4
Check: Rd files
Result: NOTE
checkRd: (-1) copCAR.Rd:40: Lost braces
40 | item{\code{maxit}}{the maximum number of iterations to be used by \code{\link{optim}} when optimizing the objective function. Defaults to \code{1000}.}
| ^
checkRd: (-1) copCAR.Rd:40: Lost braces
40 | item{\code{maxit}}{the maximum number of iterations to be used by \code{\link{optim}} when optimizing the objective function. Defaults to \code{1000}.}
| ^
Flavors: r-devel-linux-x86_64-debian-clang, r-devel-linux-x86_64-debian-gcc, r-devel-linux-x86_64-fedora-clang, r-devel-linux-x86_64-fedora-gcc, r-devel-windows-x86_64, r-patched-linux-x86_64, r-release-linux-x86_64, r-release-macos-arm64, r-release-windows-x86_64