CRAN Package Check Results for Package corrViz

Last updated on 2024-02-25 08:52:58 CET.

Flavor Version Tinstall Tcheck Ttotal Status Flags
r-devel-linux-x86_64-debian-clang 0.1.0 13.61 152.86 166.47 OK
r-devel-linux-x86_64-debian-gcc 0.1.0 10.16 117.42 127.58 OK
r-devel-linux-x86_64-fedora-clang 0.1.0 208.70 NOTE
r-devel-linux-x86_64-fedora-gcc 0.1.0 206.97 OK
r-devel-windows-x86_64 0.1.0 12.00 126.00 138.00 NOTE
r-patched-linux-x86_64 0.1.0 10.63 145.03 155.66 OK
r-release-linux-x86_64 0.1.0 12.84 145.89 158.73 OK
r-release-macos-arm64 0.1.0 56.00 NOTE
r-release-macos-x86_64 0.1.0 143.00 NOTE
r-release-windows-x86_64 0.1.0 16.00 155.00 171.00 NOTE
r-oldrel-macos-arm64 0.1.0 64.00 NOTE
r-oldrel-windows-x86_64 0.1.0 17.00 169.00 186.00 NOTE

Check Details

Version: 0.1.0
Check: installed package size
Result: NOTE installed size is 7.2Mb sub-directories of 1Mb or more: doc 6.7Mb Flavors: r-devel-linux-x86_64-fedora-clang, r-devel-windows-x86_64, r-release-macos-arm64, r-release-macos-x86_64, r-release-windows-x86_64, r-oldrel-macos-arm64, r-oldrel-windows-x86_64