CRAN Package Check Results for Package corrarray

Last updated on 2024-04-12 01:00:15 CEST.

Flavor Version Tinstall Tcheck Ttotal Status Flags
r-devel-linux-x86_64-debian-clang 1.2.0 7.07 55.77 62.84 NOTE
r-devel-linux-x86_64-debian-gcc 1.2.0 5.23 42.38 47.61 NOTE
r-devel-linux-x86_64-fedora-clang 1.2.0 78.19 NOTE
r-devel-linux-x86_64-fedora-gcc 1.2.0 75.05 NOTE
r-devel-windows-x86_64 1.2.0 8.00 60.00 68.00 NOTE
r-patched-linux-x86_64 1.2.0 10.72 54.89 65.61 NOTE
r-release-linux-x86_64 1.2.0 4.01 54.02 58.03 NOTE
r-release-macos-arm64 1.2.0 26.00 NOTE
r-release-macos-x86_64 1.2.0 42.00 NOTE
r-release-windows-x86_64 1.2.0 9.00 66.00 75.00 NOTE
r-oldrel-macos-arm64 1.2.0 38.00 NOTE
r-oldrel-windows-x86_64 1.2.0 10.00 70.00 80.00 NOTE

Check Details

Version: 1.2.0
Check: LazyData
Result: NOTE 'LazyData' is specified without a 'data' directory Flavors: r-devel-linux-x86_64-debian-clang, r-devel-linux-x86_64-debian-gcc, r-devel-linux-x86_64-fedora-clang, r-devel-linux-x86_64-fedora-gcc, r-devel-windows-x86_64, r-patched-linux-x86_64, r-release-linux-x86_64, r-release-macos-arm64, r-release-macos-x86_64, r-release-windows-x86_64, r-oldrel-macos-arm64, r-oldrel-windows-x86_64