CRAN Package Check Results for Package correlbinom

Last updated on 2024-04-12 01:00:15 CEST.

Flavor Version Tinstall Tcheck Ttotal Status Flags
r-devel-linux-x86_64-debian-clang 0.0.1 4.24 44.73 48.97 NOTE
r-devel-linux-x86_64-debian-gcc 0.0.1 3.33 32.64 35.97 NOTE
r-devel-linux-x86_64-fedora-clang 0.0.1 58.09 NOTE
r-devel-linux-x86_64-fedora-gcc 0.0.1 57.06 NOTE
r-devel-windows-x86_64 0.0.1 5.00 55.00 60.00 NOTE
r-patched-linux-x86_64 0.0.1 4.87 40.83 45.70 NOTE
r-release-linux-x86_64 0.0.1 4.85 42.10 46.95 NOTE
r-release-macos-arm64 0.0.1 22.00 NOTE
r-release-macos-x86_64 0.0.1 33.00 NOTE
r-release-windows-x86_64 0.0.1 5.00 59.00 64.00 NOTE
r-oldrel-macos-arm64 0.0.1 21.00 NOTE
r-oldrel-windows-x86_64 0.0.1 6.00 61.00 67.00 NOTE

Check Details

Version: 0.0.1
Check: LazyData
Result: NOTE 'LazyData' is specified without a 'data' directory Flavors: r-devel-linux-x86_64-debian-clang, r-devel-linux-x86_64-debian-gcc, r-devel-linux-x86_64-fedora-clang, r-devel-linux-x86_64-fedora-gcc, r-devel-windows-x86_64, r-patched-linux-x86_64, r-release-linux-x86_64, r-release-macos-arm64, r-release-macos-x86_64, r-release-windows-x86_64, r-oldrel-macos-arm64, r-oldrel-windows-x86_64