CRAN Package Check Results for Package corto

Last updated on 2024-02-25 16:51:38 CET.

Flavor Version Tinstall Tcheck Ttotal Status Flags
r-devel-linux-x86_64-debian-clang 1.2.4 7.38 66.16 73.54 OK
r-devel-linux-x86_64-debian-gcc 1.2.4 5.08 48.74 53.82 OK
r-devel-linux-x86_64-fedora-clang 1.2.4 87.31 NOTE
r-devel-linux-x86_64-fedora-gcc 1.2.4 96.81 NOTE
r-devel-windows-x86_64 1.2.4 7.00 73.00 80.00 OK
r-patched-linux-x86_64 1.2.4 7.82 62.12 69.94 OK
r-release-linux-x86_64 1.2.4 7.67 62.43 70.10 OK
r-release-macos-arm64 1.2.4 41.00 OK
r-release-macos-x86_64 1.2.4 66.00 OK
r-release-windows-x86_64 1.2.4 9.00 85.00 94.00 OK
r-oldrel-macos-arm64 1.2.4 38.00 OK
r-oldrel-windows-x86_64 1.2.4 10.00 87.00 97.00 OK

Check Details

Version: 1.2.4
Check: dependencies in R code
Result: NOTE Namespaces in Imports field not imported from: ‘knitr’ ‘rmarkdown’ All declared Imports should be used. Flavors: r-devel-linux-x86_64-fedora-clang, r-devel-linux-x86_64-fedora-gcc